Last updated on 2024-04-23 21:54:56 CEST.
Flavor | Version | Tinstall | Tcheck | Ttotal | Status | Flags |
---|---|---|---|---|---|---|
r-devel-linux-x86_64-debian-clang | 0.2.0 | 7.91 | 153.07 | 160.98 | NOTE | |
r-devel-linux-x86_64-debian-gcc | 0.2.0 | 7.27 | 112.89 | 120.16 | NOTE | |
r-devel-linux-x86_64-fedora-clang | 0.2.0 | 208.09 | NOTE | |||
r-devel-linux-x86_64-fedora-gcc | 0.2.0 | 194.41 | NOTE | |||
r-prerel-macos-arm64 | 0.2.0 | 64.00 | NOTE | |||
r-prerel-windows-x86_64 | 0.2.0 | 9.00 | 132.00 | 141.00 | NOTE | |
r-patched-linux-x86_64 | 0.2.0 | 6.37 | 146.27 | 152.64 | NOTE | |
r-release-linux-x86_64 | 0.2.0 | 9.82 | 145.22 | 155.04 | OK | |
r-release-macos-arm64 | 0.2.0 | 72.00 | NOTE | |||
r-release-macos-x86_64 | 0.2.0 | 121.00 | NOTE | |||
r-release-windows-x86_64 | 0.2.0 | 11.00 | 156.00 | 167.00 | NOTE | |
r-oldrel-macos-arm64 | 0.2.0 | 52.00 | NOTE | |||
r-oldrel-windows-x86_64 | 0.2.0 | 12.00 | 161.00 | 173.00 | NOTE |
Version: 0.2.0
Check: Rd files
Result: NOTE
checkRd: (-1) harmonize_values.Rd:44: Lost braces; missing escapes or markup?
44 | \item{perl}{Use perl-like regex? Defaults to {FALSE}.}
| ^
Flavors: r-devel-linux-x86_64-debian-clang, r-devel-linux-x86_64-debian-gcc, r-devel-linux-x86_64-fedora-clang, r-devel-linux-x86_64-fedora-gcc, r-prerel-macos-arm64, r-prerel-windows-x86_64, r-patched-linux-x86_64
Version: 0.2.0
Check: installed package size
Result: NOTE
installed size is 5.7Mb
sub-directories of 1Mb or more:
doc 1.1Mb
examples 1.9Mb
Flavors: r-devel-linux-x86_64-fedora-clang, r-prerel-macos-arm64, r-prerel-windows-x86_64, r-release-macos-arm64, r-release-macos-x86_64, r-release-windows-x86_64, r-oldrel-macos-arm64, r-oldrel-windows-x86_64