Last updated on 2023-03-22 21:58:09 CET.
Flavor | Version | Tinstall | Tcheck | Ttotal | Status | Flags |
---|---|---|---|---|---|---|
r-devel-linux-x86_64-debian-clang | 0.1.0 | 2.52 | 33.81 | 36.33 | NOTE | |
r-devel-linux-x86_64-debian-gcc | 0.1.0 | 1.96 | 26.29 | 28.25 | NOTE | |
r-devel-linux-x86_64-fedora-clang | 0.1.0 | 46.47 | NOTE | |||
r-devel-linux-x86_64-fedora-gcc | 0.1.0 | 54.67 | NOTE | |||
r-patched-linux-x86_64 | 0.1.0 | 2.74 | 33.77 | 36.51 | NOTE | |
r-release-linux-x86_64 | 0.1.0 | 2.17 | 33.26 | 35.43 | NOTE | |
r-release-macos-arm64 | 0.1.0 | 17.00 | NOTE | |||
r-release-macos-x86_64 | 0.1.0 | 27.00 | NOTE | |||
r-release-windows-x86_64 | 0.1.0 | 22.00 | 65.00 | 87.00 | NOTE | |
r-oldrel-macos-arm64 | 0.1.0 | 26.00 | NOTE | |||
r-oldrel-macos-x86_64 | 0.1.0 | 34.00 | NOTE | |||
r-oldrel-windows-ix86+x86_64 | 0.1.0 | 5.00 | 61.00 | 66.00 | NOTE |
Version: 0.1.0
Check: LazyData
Result: NOTE
'LazyData' is specified without a 'data' directory
Flavors: r-devel-linux-x86_64-debian-clang, r-devel-linux-x86_64-debian-gcc, r-devel-linux-x86_64-fedora-clang, r-devel-linux-x86_64-fedora-gcc, r-patched-linux-x86_64, r-release-linux-x86_64, r-release-macos-arm64, r-release-macos-x86_64, r-release-windows-x86_64, r-oldrel-macos-arm64, r-oldrel-macos-x86_64, r-oldrel-windows-ix86+x86_64