Last updated on 2024-04-20 03:53:17 CEST.
Flavor | Version | Tinstall | Tcheck | Ttotal | Status | Flags |
---|---|---|---|---|---|---|
r-devel-linux-x86_64-debian-clang | 0.2.1 | 2.60 | 24.92 | 27.52 | OK | |
r-devel-linux-x86_64-debian-gcc | 0.2.1 | OK | ||||
r-devel-linux-x86_64-fedora-clang | 0.2.1 | 34.75 | NOTE | |||
r-devel-linux-x86_64-fedora-gcc | 0.2.1 | 33.18 | NOTE | |||
r-prerel-macos-arm64 | 0.2.1 | 13.00 | NOTE | |||
r-prerel-macos-x86_64 | 0.2.1 | 24.00 | OK | |||
r-prerel-windows-x86_64 | 0.2.1 | 3.00 | 39.00 | 42.00 | OK | |
r-patched-linux-x86_64 | 0.2.1 | 1.73 | 24.07 | 25.80 | OK | |
r-release-linux-x86_64 | 0.2.1 | 1.96 | 24.30 | 26.26 | OK | |
r-release-macos-arm64 | 0.2.1 | 14.00 | NOTE | |||
r-release-macos-x86_64 | 0.2.1 | 21.00 | NOTE | |||
r-release-windows-x86_64 | 0.2.1 | 3.00 | 41.00 | 44.00 | OK | |
r-oldrel-macos-arm64 | 0.2.1 | 13.00 | NOTE | |||
r-oldrel-windows-x86_64 | 0.2.1 | 4.00 | 47.00 | 51.00 | OK |
Version: 0.2.1
Check: package dependencies
Result: NOTE
Package suggested but not available for checking: ‘ccdata’
Flavors: r-devel-linux-x86_64-fedora-clang, r-devel-linux-x86_64-fedora-gcc, r-prerel-macos-arm64, r-release-macos-arm64, r-release-macos-x86_64, r-oldrel-macos-arm64