Last updated on 2022-05-20 12:53:34 CEST.
Flavor | Version | Tinstall | Tcheck | Ttotal | Status | Flags |
---|---|---|---|---|---|---|
r-devel-linux-x86_64-debian-clang | 0.2.1 | 2.28 | 33.44 | 35.72 | OK | |
r-devel-linux-x86_64-debian-gcc | 0.2.1 | 1.85 | 25.98 | 27.83 | OK | |
r-devel-linux-x86_64-fedora-clang | 0.2.1 | 43.16 | OK | |||
r-devel-linux-x86_64-fedora-gcc | 0.2.1 | 41.75 | OK | |||
r-devel-windows-x86_64 | 0.2.1 | 18.00 | 48.00 | 66.00 | OK | |
r-patched-linux-x86_64 | 0.2.1 | 1.88 | 31.94 | 33.82 | OK | |
r-release-linux-x86_64 | 0.2.1 | 2.36 | 32.16 | 34.52 | OK | |
r-release-macos-arm64 | 0.2.1 | 16.00 | NOTE | |||
r-release-macos-x86_64 | 0.2.1 | 21.00 | NOTE | |||
r-release-windows-x86_64 | 0.2.1 | 18.00 | 48.00 | 66.00 | OK | |
r-oldrel-macos-arm64 | 0.2.1 | 16.00 | NOTE | |||
r-oldrel-macos-x86_64 | 0.2.1 | 22.00 | NOTE | |||
r-oldrel-windows-ix86+x86_64 | 0.2.1 | 5.00 | 42.00 | 47.00 | OK |
Version: 0.2.1
Check: package dependencies
Result: NOTE
Package suggested but not available for checking: ‘ccdata’
Flavors: r-release-macos-arm64, r-release-macos-x86_64, r-oldrel-macos-arm64, r-oldrel-macos-x86_64