CRAN Package Check Results for Package reticulate

Last updated on 2021-12-03 21:50:42 CET.

Flavor Version Tinstall Tcheck Ttotal Status Flags
r-devel-linux-x86_64-debian-clang 1.22 51.60 96.49 148.09 OK
r-devel-linux-x86_64-debian-gcc 1.22 37.34 74.77 112.11 OK
r-devel-linux-x86_64-fedora-clang 1.22 208.72 OK
r-devel-linux-x86_64-fedora-gcc 1.22 181.81 OK
r-devel-windows-x86_64-new-UL 1.22 88.00 177.00 265.00 OK
r-devel-windows-x86_64-new-TK 1.22 OK
r-devel-windows-x86_64-old 1.22 68.00 111.00 179.00 OK
r-patched-linux-x86_64 1.22 43.92 94.51 138.43 OK
r-release-linux-x86_64 1.22 42.79 94.79 137.58 OK
r-release-macos-arm64 1.22 NOTE
r-release-macos-x86_64 1.22 OK
r-release-windows-ix86+x86_64 1.22 118.00 223.00 341.00 OK
r-oldrel-macos-x86_64 1.22 OK
r-oldrel-windows-ix86+x86_64 1.22 120.00 220.00 340.00 OK

Check Details

Version: 1.22
Check: installed package size
Result: NOTE
     installed size is 5.4Mb
     sub-directories of 1Mb or more:
     libs 4.1Mb
Flavor: r-release-macos-arm64