Last updated on 2025-02-04 03:49:58 CET.
Flavor | Version | Tinstall | Tcheck | Ttotal | Status | Flags |
---|---|---|---|---|---|---|
r-devel-linux-x86_64-debian-clang | 0.1.0 | 6.23 | 51.28 | 57.51 | NOTE | |
r-devel-linux-x86_64-debian-gcc | 0.1.0 | 4.48 | 39.75 | 44.23 | NOTE | |
r-devel-linux-x86_64-fedora-clang | 0.1.0 | 89.94 | OK | |||
r-devel-linux-x86_64-fedora-gcc | 0.1.0 | 84.91 | OK | |||
r-devel-windows-x86_64 | 0.1.0 | 7.00 | 67.00 | 74.00 | NOTE | |
r-patched-linux-x86_64 | 0.1.0 | 5.95 | 48.91 | 54.86 | OK | |
r-release-linux-x86_64 | 0.1.0 | 5.90 | 48.13 | 54.03 | OK | |
r-release-macos-arm64 | 0.1.0 | 30.00 | OK | |||
r-release-macos-x86_64 | 0.1.0 | 42.00 | OK | |||
r-release-windows-x86_64 | 0.1.0 | 7.00 | 71.00 | 78.00 | OK | |
r-oldrel-macos-arm64 | 0.1.0 | 36.00 | OK | |||
r-oldrel-macos-x86_64 | 0.1.0 | 67.00 | OK | |||
r-oldrel-windows-x86_64 | 0.1.0 | 8.00 | 77.00 | 85.00 | OK |
Version: 0.1.0
Check: Rd cross-references
Result: NOTE
Found the following Rd file(s) with Rd \link{} targets missing package
anchors:
etel.Rd: nloptr
retel.Rd: nloptr
Please provide package anchors for all Rd \link{} targets not in the
package itself and the base packages.
Flavors: r-devel-linux-x86_64-debian-clang, r-devel-linux-x86_64-debian-gcc, r-devel-windows-x86_64