CRAN Package Check Results for Package restoptr

Last updated on 2024-04-23 21:54:56 CEST.

Flavor Version Tinstall Tcheck Ttotal Status Flags
r-devel-linux-x86_64-debian-clang 1.0.6 26.40 466.31 492.71 OK
r-devel-linux-x86_64-debian-gcc 1.0.6 22.73 325.80 348.53 OK
r-devel-linux-x86_64-fedora-clang 1.0.6 590.52 NOTE
r-devel-linux-x86_64-fedora-gcc 1.0.6 637.11 OK
r-prerel-macos-arm64 1.0.6 145.00 NOTE
r-prerel-windows-x86_64 1.0.6 22.00 327.00 349.00 NOTE
r-patched-linux-x86_64 1.0.6 26.43 443.03 469.46 OK
r-release-linux-x86_64 1.0.6 21.28 441.65 462.93 OK
r-release-macos-arm64 1.0.6 165.00 NOTE
r-release-macos-x86_64 1.0.6 418.00 NOTE
r-release-windows-x86_64 1.0.6 30.00 398.00 428.00 ERROR
r-oldrel-macos-arm64 1.0.6 144.00 NOTE
r-oldrel-windows-x86_64 1.0.6 31.00 386.00 417.00 NOTE

Check Details

Version: 1.0.6
Check: installed package size
Result: NOTE installed size is 5.2Mb sub-directories of 1Mb or more: extdata 1.3Mb java 2.9Mb Flavors: r-devel-linux-x86_64-fedora-clang, r-prerel-macos-arm64, r-prerel-windows-x86_64, r-release-macos-arm64, r-release-macos-x86_64, r-release-windows-x86_64, r-oldrel-macos-arm64, r-oldrel-windows-x86_64

Version: 1.0.6
Check: tests
Result: ERROR Running 'testthat.R' [163s] Running the tests in 'tests/testthat.R' failed. Complete output: > # load packages > library(testthat) > library(restoptr) Loading required package: terra terra 1.7.71 Attaching package: 'terra' The following objects are masked from 'package:testthat': compare, describe Loading required package: rJava Loading required package: units udunits database from D:/RCompile/CRANpkg/lib/4.3/units/share/udunits/udunits2.xml > > # enable parallel testing > Sys.unsetenv("R_TESTS") > > # run tests > test_check("restoptr") Height = 117 Width = 170 Current landscape state loaded Habitat cells = 2682 Non habitat cells = 2094 Accessible non habitat cells = 604 Out cells = 15114 MESH initial = 642.2554438860972 Model[Model-0], 1 Solutions, MAXIMIZE MESH = 6429460, Resolution time 0,057s, Time to best solution 0,020s, 11 Nodes (194,6 n/s), 0 Backtracks, 0 Backjumps, 0 Fails, 0 Restarts <1b>[0mModel[Model-0], 2 Solutions, MAXIMIZE MESH = 6430362, Resolution time 0,071s, Time to best solution 0,071s, 19 Nodes (267,6 n/s), 11 Backtracks, 0 Backjumps, 5 Fails, 0 Restarts <1b>[0mModel[Model-0], 3 Solutions, MAXIMIZE MESH = 6431753, Resolution time 0,074s, Time to best solution 0,074s, 28 Nodes (376,0 n/s), 27 Backtracks, 0 Backjumps, 12 Fails, 0 Restarts <1b>[0mModel[Model-0], 4 Solutions, MAXIMIZE MESH = 6685737, Resolution time 0,088s, Time to best solution 0,088s, 69 Nodes (781,0 n/s), 49 Backtracks, 0 Backjumps, 22 Fails, 0 Restarts <1b>[0mModel[Model-0], 5 Solutions, MAXIMIZE MESH = 6687825, Resolution time 0,091s, Time to best solution 0,090s, 70 Nodes (773,1 n/s), 88 Backtracks, 0 Backjumps, 41 Fails, 0 Restarts <1b>[0mModel[Model-0], 6 Solutions, MAXIMIZE MESH = 6694104, Resolution time 0,120s, Time to best solution 0,120s, 147 Nodes (1.222,5 n/s), 194 Backtracks, 0 Backjumps, 96 Fails, 0 Restarts <1b>[0mModel[Model-0], 7 Solutions, MAXIMIZE MESH = 6696212, Resolution time 0,135s, Time to best solution 0,134s, 190 Nodes (1.409,6 n/s), 272 Backtracks, 0 Backjumps, 134 Fails, 0 Restarts <1b>[0mModel[Model-0], 8 Solutions, MAXIMIZE MESH = 6732332, Resolution time 0,344s, Time to best solution 0,344s, 1273 Nodes (3.697,7 n/s), 2392 Backtracks, 0 Backjumps, 1222 Fails, 0 Restarts <1b>[0mModel[Model-0], 9 Solutions, MAXIMIZE MESH = 8742169, Resolution time 0,461s, Time to best solution 0,460s, 1758 Nodes (3.816,0 n/s), 3027 Backtracks, 0 Backjumps, 1681 Fails, 0 Restarts <1b>[0mModel[Model-0], 10 Solutions, MAXIMIZE MESH = 8775750, Resolution time 0,694s, Time to best solution 0,693s, 4468 Nodes (6.440,9 n/s), 8449 Backtracks, 0 Backjumps, 4397 Fails, 0 Restarts <1b>[0mModel[Model-0], 10 Solutions, MAXIMIZE MESH = 8775750, Resolution time 2,277s, Time to best solution 0,693s, 25140 Nodes (11.038,5 n/s), 50261 Backtracks, 0 Backjumps, 25121 Fails, 0 Restarts <1b>[0mHeight = 117 Width = 170 Current landscape state loaded Habitat cells = 2682 Non habitat cells = 2094 Accessible non habitat cells = 652 Out cells = 15114 MESH initial = 642.2554438860972 Model[Model-1], 1 Solutions, MAXIMIZE MESH = 6430027, Resolution time 0,002s, Time to best solution 0,001s, 14 Nodes (8.932,0 n/s), 0 Backtracks, 0 Backjumps, 0 Fails, 0 Restarts <1b>[0mModel[Model-1], 2 Solutions, MAXIMIZE MESH = 6430921, Resolution time 0,002s, Time to best solution 0,002s, 25 Nodes (10.389,0 n/s), 17 Backtracks, 0 Backjumps, 8 Fails, 0 Restarts <1b>[0mModel[Model-1], 3 Solutions, MAXIMIZE MESH = 6432242, Resolution time 0,003s, Time to best solution 0,003s, 36 Nodes (11.668,2 n/s), 39 Backtracks, 0 Backjumps, 18 Fails, 0 Restarts <1b>[0mModel[Model-1], 4 Solutions, MAXIMIZE MESH = 6689916, Resolution time 0,005s, Time to best solution 0,005s, 79 Nodes (15.513,6 n/s), 65 Backtracks, 0 Backjumps, 30 Fails, 0 Restarts <1b>[0mModel[Model-1], 5 Solutions, MAXIMIZE MESH = 6698472, Resolution time 0,012s, Time to best solution 0,012s, 188 Nodes (15.047,9 n/s), 265 Backtracks, 0 Backjumps, 133 Fails, 0 Restarts <1b>[0mModel[Model-1], 6 Solutions, MAXIMIZE MESH = 6739631, Resolution time 0,204s, Time to best solution 0,204s, 3470 Nodes (16.999,9 n/s), 6778 Backtracks, 0 Backjumps, 3421 Fails, 0 Restarts <1b>[0mModel[Model-1], 7 Solutions, MAXIMIZE MESH = 8708499, Resolution time 0,280s, Time to best solution 0,280s, 4093 Nodes (14.608,4 n/s), 7658 Backtracks, 0 Backjumps, 4025 Fails, 0 Restarts <1b>[0mModel[Model-1], 8 Solutions, MAXIMIZE MESH = 8716910, Resolution time 0,320s, Time to best solution 0,320s, 4500 Nodes (14.044,5 n/s), 8558 Backtracks, 0 Backjumps, 4475 Fails, 0 Restarts <1b>[0mModel[Model-1], 9 Solutions, MAXIMIZE MESH = 8750597, Resolution time 0,324s, Time to best solution 0,324s, 4576 Nodes (14.134,5 n/s), 8605 Backtracks, 0 Backjumps, 4498 Fails, 0 Restarts <1b>[0mModel[Model-1], 10 Solutions, MAXIMIZE MESH = 8759028, Resolution time 0,324s, Time to best solution 0,324s, 4577 Nodes (14.104,9 n/s), 8716 Backtracks, 0 Backjumps, 4553 Fails, 0 Restarts <1b>[0mModel[Model-1], 11 Solutions, MAXIMIZE MESH = 8767464, Resolution time 0,325s, Time to best solution 0,325s, 4582 Nodes (14.079,2 n/s), 8721 Backtracks, 0 Backjumps, 4556 Fails, 0 Restarts <1b>[0mModel[Model-1], 12 Solutions, MAXIMIZE MESH = 8801093, Resolution time 0,506s, Time to best solution 0,506s, 8188 Nodes (16.182,9 n/s), 15833 Backtracks, 0 Backjumps, 8111 Fails, 0 Restarts <1b>[0mModel[Model-1], 13 Solutions, MAXIMIZE MESH = 8809552, Resolution time 0,509s, Time to best solution 0,509s, 8242 Nodes (16.181,8 n/s), 15935 Backtracks, 0 Backjumps, 8161 Fails, 0 Restarts <1b>[0mModel[Model-1], 13 Solutions, MAXIMIZE MESH = 8809552, Resolution time 2,154s, Time to best solution 0,509s, 32145 Nodes (14.923,0 n/s), 64265 Backtracks, 0 Backjumps, 32120 Fails, 0 Restarts <1b>[0m |---------|---------|---------|---------| ========================================= Height = 117 Width = 170 Current landscape state loaded Habitat cells = 2682 Non habitat cells = 2094 Accessible non habitat cells = 2094 Out cells = 15114 Model[Model-2], 1 Solutions, Resolution time 0,004s, 22 Nodes (5.979,1 n/s), 0 Backtracks, 0 Backjumps, 0 Fails, 0 Restarts <1b>[0mHeight = 117 Width = 170 Current landscape state loaded Habitat cells = 2682 Non habitat cells = 2094 Accessible non habitat cells = 2094 Out cells = 15114 Model[Model-3], 1 Solutions, Resolution time 0,010s, 27 Nodes (2.769,1 n/s), 0 Backtracks, 0 Backjumps, 0 Fails, 0 Restarts <1b>[0mHeight = 117 Width = 170 Current landscape state loaded Habitat cells = 2682 Non habitat cells = 2094 Accessible non habitat cells = 2094 Out cells = 15114 Model[Model-4], 1 Solutions, Resolution time 0,013s, 56 Nodes (4.391,3 n/s), 0 Backtracks, 0 Backjumps, 0 Fails, 0 Restarts <1b>[0mHeight = 117 Width = 170 Current landscape state loaded Habitat cells = 2682 Non habitat cells = 2094 Accessible non habitat cells = 2094 Out cells = 15114 Model[Model-5], 1 Solutions, Resolution time 0,179s, 410 Nodes (2.292,3 n/s), 0 Backtracks, 0 Backjumps, 0 Fails, 0 Restarts <1b>[0mHeight = 117 Width = 170 Current landscape state loaded Habitat cells = 2682 Non habitat cells = 2094 Accessible non habitat cells = 2094 Out cells = 15114 Model[Model-6], 1 Solutions, Resolution time 0,158s, 506 Nodes (3.200,1 n/s), 0 Backtracks, 0 Backjumps, 0 Fails, 0 Restarts <1b>[0mHeight = 117 Width = 170 Current landscape state loaded Habitat cells = 2682 Non habitat cells = 2094 Accessible non habitat cells = 2094 Out cells = 15114 Model[Model-7], 1 Solutions, Resolution time 0,004s, 27 Nodes (6.906,3 n/s), 0 Backtracks, 0 Backjumps, 0 Fails, 0 Restarts <1b>[0mHeight = 117 Width = 170 Current landscape state loaded Habitat cells = 2682 Non habitat cells = 2094 Accessible non habitat cells = 146 Out cells = 15114 MESH initial = 642.2554438860972 Model[Model-8], 1 Solutions, MAXIMIZE MESH = 7084891, Resolution time 0,003s, Time to best solution 0,003s, 147 Nodes (47.160,7 n/s), 0 Backtracks, 0 Backjumps, 0 Fails, 0 Restarts <1b>[0mModel[Model-8], 1 Solutions, MAXIMIZE MESH = 7084891, Resolution time 0,004s, Time to best solution 0,003s, 147 Nodes (36.960,7 n/s), 293 Backtracks, 0 Backjumps, 146 Fails, 0 Restarts <1b>[0mHeight = 117 Width = 170 Current landscape state loaded Habitat cells = 2682 Non habitat cells = 2094 Accessible non habitat cells = 652 Out cells = 15114 MESH initial = 642.2554438860972 Model[Model-9], 1 Solutions, MAXIMIZE MESH = 13985838, Resolution time 0,035s, Time to best solution 0,034s, 653 Nodes (18.777,4 n/s), 0 Backtracks, 0 Backjumps, 0 Fails, 0 Restarts <1b>[0mModel[Model-9], 1 Solutions, MAXIMIZE MESH = 13985838, Resolution time 0,041s, Time to best solution 0,034s, 653 Nodes (15.953,5 n/s), 1305 Backtracks, 0 Backjumps, 652 Fails, 0 Restarts <1b>[0mHeight = 117 Width = 170 Current landscape state loaded Habitat cells = 2682 Non habitat cells = 2094 Accessible non habitat cells = 0 Out cells = 15114 MESH initial = 642.2554438860972 Model[Model-10], 1 Solutions, MAXIMIZE MESH = 6422554, Resolution time 0,001s, Time to best solution 0,000s, 1 Nodes (1.277,1 n/s), 0 Backtracks, 0 Backjumps, 0 Fails, 0 Restarts <1b>[0mModel[Model-10], 1 Solutions, MAXIMIZE MESH = 6422554, Resolution time 0,001s, Time to best solution 0,000s, 1 Nodes (684,5 n/s), 1 Backtracks, 0 Backjumps, 0 Fails, 0 Restarts <1b>[0m |---------|---------|---------|---------| ========================================= Height = 117 Width = 170 Current landscape state loaded Habitat cells = 2682 Non habitat cells = 2094 Accessible non habitat cells = 146 Out cells = 15114 Model[Model-11], 1 Solutions, Resolution time 0,144s, 17 Nodes (118,2 n/s), 6 Backtracks, 0 Backjumps, 5 Fails, 0 Restarts <1b>[0mModel[Model-11], 2 Solutions, Resolution time 0,147s, 18 Nodes (122,6 n/s), 7 Backtracks, 0 Backjumps, 5 Fails, 0 Restarts <1b>[0mModel[Model-11], 3 Solutions, Resolution time 0,151s, 20 Nodes (132,5 n/s), 9 Backtracks, 0 Backjumps, 5 Fails, 0 Restarts <1b>[0mModel[Model-11], 4 Solutions, Resolution time 0,154s, 21 Nodes (136,6 n/s), 10 Backtracks, 0 Backjumps, 5 Fails, 0 Restarts <1b>[0mModel[Model-11], 5 Solutions, Resolution time 0,159s, 24 Nodes (151,1 n/s), 13 Backtracks, 0 Backjumps, 5 Fails, 0 Restarts <1b>[0mModel[Model-11], 6 Solutions, Resolution time 0,162s, 25 Nodes (154,5 n/s), 14 Backtracks, 0 Backjumps, 5 Fails, 0 Restarts <1b>[0mModel[Model-11], 7 Solutions, Resolution time 0,167s, 27 Nodes (162,1 n/s), 16 Backtracks, 0 Backjumps, 5 Fails, 0 Restarts <1b>[0mModel[Model-11], 8 Solutions, Resolution time 0,170s, 28 Nodes (165,1 n/s), 17 Backtracks, 0 Backjumps, 5 Fails, 0 Restarts <1b>[0mModel[Model-11], 9 Solutions, Resolution time 0,176s, 32 Nodes (181,4 n/s), 21 Backtracks, 0 Backjumps, 5 Fails, 0 Restarts <1b>[0mModel[Model-11], 10 Solutions, Resolution time 0,179s, 33 Nodes (183,9 n/s), 22 Backtracks, 0 Backjumps, 5 Fails, 0 Restarts <1b>[0mModel[Model-11], 11 Solutions, Resolution time 0,184s, 35 Nodes (190,7 n/s), 24 Backtracks, 0 Backjumps, 5 Fails, 0 Restarts <1b>[0mHeight = 117 Width = 170 Current landscape state loaded Habitat cells = 2682 Non habitat cells = 2094 Accessible non habitat cells = 458 Out cells = 15114 Model[Model-12], 1 Solutions, Resolution time 0,344s, 283 Nodes (823,2 n/s), 352 Backtracks, 0 Backjumps, 274 Fails, 0 Restarts <1b>[0mModel[Model-12], 2 Solutions, Resolution time 0,475s, 476 Nodes (1.001,8 n/s), 732 Backtracks, 0 Backjumps, 462 Fails, 0 Restarts <1b>[0mModel[Model-12], 3 Solutions, Resolution time 0,481s, 483 Nodes (1.005,2 n/s), 742 Backtracks, 0 Backjumps, 467 Fails, 0 Restarts <1b>[0mModel[Model-12], 4 Solutions, Resolution time 0,495s, 503 Nodes (1.016,7 n/s), 776 Backtracks, 0 Backjumps, 485 Fails, 0 Restarts <1b>[0mModel[Model-12], 5 Solutions, Resolution time 0,500s, 510 Nodes (1.020,3 n/s), 791 Backtracks, 0 Backjumps, 491 Fails, 0 Restarts <1b>[0mModel[Model-12], 6 Solutions, Resolution time 0,508s, 522 Nodes (1.027,0 n/s), 812 Backtracks, 0 Backjumps, 501 Fails, 0 Restarts <1b>[0mModel[Model-12], 7 Solutions, Resolution time 0,512s, 527 Nodes (1.028,3 n/s), 822 Backtracks, 0 Backjumps, 504 Fails, 0 Restarts <1b>[0mModel[Model-12], 8 Solutions, Resolution time 0,516s, 531 Nodes (1.029,6 n/s), 826 Backtracks, 0 Backjumps, 506 Fails, 0 Restarts <1b>[0mModel[Model-12], 9 Solutions, Resolution time 0,521s, 537 Nodes (1.031,4 n/s), 835 Backtracks, 0 Backjumps, 510 Fails, 0 Restarts <1b>[0mModel[Model-12], 10 Solutions, Resolution time 0,525s, 543 Nodes (1.033,3 n/s), 845 Backtracks, 0 Backjumps, 515 Fails, 0 Restarts <1b>[0mModel[Model-12], 11 Solutions, Resolution time 0,536s, 563 Nodes (1.049,5 n/s), 888 Backtracks, 0 Backjumps, 532 Fails, 0 Restarts <1b>[0mHeight = 117 Width = 170 Current landscape state loaded Habitat cells = 2682 Non habitat cells = 2094 Accessible non habitat cells = 458 Out cells = 15114 Model[Model-13], 1 Solutions, Resolution time 0,200s, 283 Nodes (1.417,0 n/s), 352 Backtracks, 0 Backjumps, 274 Fails, 0 Restarts <1b>[0mModel[Model-13], 2 Solutions, Resolution time 0,288s, 476 Nodes (1.651,2 n/s), 732 Backtracks, 0 Backjumps, 462 Fails, 0 Restarts <1b>[0mModel[Model-13], 3 Solutions, Resolution time 0,294s, 483 Nodes (1.640,8 n/s), 742 Backtracks, 0 Backjumps, 467 Fails, 0 Restarts <1b>[0mModel[Model-13], 4 Solutions, Resolution time 0,310s, 503 Nodes (1.620,8 n/s), 776 Backtracks, 0 Backjumps, 485 Fails, 0 Restarts <1b>[0mModel[Model-13], 5 Solutions, Resolution time 0,317s, 510 Nodes (1.608,3 n/s), 791 Backtracks, 0 Backjumps, 491 Fails, 0 Restarts <1b>[0mModel[Model-13], 6 Solutions, Resolution time 0,329s, 522 Nodes (1.585,6 n/s), 812 Backtracks, 0 Backjumps, 501 Fails, 0 Restarts <1b>[0mModel[Model-13], 7 Solutions, Resolution time 0,335s, 527 Nodes (1.571,4 n/s), 822 Backtracks, 0 Backjumps, 504 Fails, 0 Restarts <1b>[0mModel[Model-13], 8 Solutions, Resolution time 0,340s, 531 Nodes (1.562,4 n/s), 826 Backtracks, 0 Backjumps, 506 Fails, 0 Restarts <1b>[0mModel[Model-13], 9 Solutions, Resolution time 0,347s, 537 Nodes (1.548,6 n/s), 835 Backtracks, 0 Backjumps, 510 Fails, 0 Restarts <1b>[0mModel[Model-13], 10 Solutions, Resolution time 0,354s, 543 Nodes (1.535,5 n/s), 845 Backtracks, 0 Backjumps, 515 Fails, 0 Restarts <1b>[0mModel[Model-13], 11 Solutions, Resolution time 0,362s, 563 Nodes (1.553,2 n/s), 888 Backtracks, 0 Backjumps, 532 Fails, 0 Restarts <1b>[0mHeight = 117 Width = 170 Current landscape state loaded Habitat cells = 2682 Non habitat cells = 2094 Accessible non habitat cells = 458 Out cells = 15114 Model[Model-14], 1 Solutions, Resolution time 0,177s, 283 Nodes (1.600,8 n/s), 352 Backtracks, 0 Backjumps, 274 Fails, 0 Restarts <1b>[0mModel[Model-14], 2 Solutions, Resolution time 0,246s, 476 Nodes (1.934,2 n/s), 732 Backtracks, 0 Backjumps, 462 Fails, 0 Restarts <1b>[0mModel[Model-14], 3 Solutions, Resolution time 0,250s, 483 Nodes (1.935,6 n/s), 742 Backtracks, 0 Backjumps, 467 Fails, 0 Restarts <1b>[0mModel[Model-14], 4 Solutions, Resolution time 0,267s, 503 Nodes (1.883,4 n/s), 776 Backtracks, 0 Backjumps, 485 Fails, 0 Restarts <1b>[0mModel[Model-14], 5 Solutions, Resolution time 0,272s, 510 Nodes (1.875,2 n/s), 791 Backtracks, 0 Backjumps, 491 Fails, 0 Restarts <1b>[0mModel[Model-14], 6 Solutions, Resolution time 0,280s, 522 Nodes (1.866,7 n/s), 812 Backtracks, 0 Backjumps, 501 Fails, 0 Restarts <1b>[0mModel[Model-14], 7 Solutions, Resolution time 0,283s, 527 Nodes (1.859,5 n/s), 822 Backtracks, 0 Backjumps, 504 Fails, 0 Restarts <1b>[0mModel[Model-14], 8 Solutions, Resolution time 0,286s, 531 Nodes (1.854,3 n/s), 826 Backtracks, 0 Backjumps, 506 Fails, 0 Restarts <1b>[0mModel[Model-14], 9 Solutions, Resolution time 0,291s, 537 Nodes (1.848,0 n/s), 835 Backtracks, 0 Backjumps, 510 Fails, 0 Restarts <1b>[0mModel[Model-14], 10 Solutions, Resolution time 0,294s, 543 Nodes (1.846,3 n/s), 845 Backtracks, 0 Backjumps, 515 Fails, 0 Restarts <1b>[0mModel[Model-14], 11 Solutions, Resolution time 0,305s, 563 Nodes (1.843,6 n/s), 888 Backtracks, 0 Backjumps, 532 Fails, 0 Restarts <1b>[0mHeight = 117 Width = 170 Current landscape state loaded Habitat cells = 2682 Non habitat cells = 2094 Accessible non habitat cells = 146 Out cells = 15114 Height = 117 Width = 170 Current landscape state loaded Habitat cells = 2682 Non habitat cells = 2094 Accessible non habitat cells = 146 Out cells = 15114 Model[Model-16], 1 Solutions, Resolution time 0,002s, 16 Nodes (9.811,1 n/s), 7 Backtracks, 0 Backjumps, 6 Fails, 0 Restarts <1b>[0mHeight = 117 Width = 170 Current landscape state loaded Habitat cells = 2682 Non habitat cells = 2094 Accessible non habitat cells = 146 Out cells = 15114 Height = 117 Width = 170 Current landscape state loaded Habitat cells = 2682 Non habitat cells = 2094 Accessible non habitat cells = 2094 Out cells = 15114 Height = 117 Width = 170 Current landscape state loaded Habitat cells = 2682 Non habitat cells = 2094 Accessible non habitat cells = 2094 Out cells = 15114 Height = 117 Width = 170 Current landscape state loaded Habitat cells = 2682 Non habitat cells = 2094 Accessible non habitat cells = 2094 Out cells = 15114 Height = 117 Width = 170 Current landscape state loaded Habitat cells = 2682 Non habitat cells = 2094 Accessible non habitat cells = 2094 Out cells = 15114 Height = 117 Width = 170 Current landscape state loaded Habitat cells = 847 Non habitat cells = 3929 Accessible non habitat cells = 3929 Out cells = 15114 Height = 117 Width = 170 Current landscape state loaded Habitat cells = 2682 Non habitat cells = 2094 Accessible non habitat cells = 2094 Out cells = 15114 MESH initial = 642.2554438860972 Model[Model-23], 1 Solutions, MAXIMIZE MESH = 6433495, Resolution time 0,003s, Time to best solution 0,003s, 26 Nodes (8.050,5 n/s), 0 Backtracks, 0 Backjumps, 0 Fails, 0 Restarts <1b>[0mModel[Model-23], 2 Solutions, MAXIMIZE MESH = 6441776, Resolution time 0,005s, Time to best solution 0,004s, 53 Nodes (11.606,3 n/s), 37 Backtracks, 0 Backjumps, 18 Fails, 0 Restarts <1b>[0mModel[Model-23], 3 Solutions, MAXIMIZE MESH = 6444037, Resolution time 0,007s, Time to best solution 0,007s, 85 Nodes (11.748,9 n/s), 91 Backtracks, 0 Backjumps, 44 Fails, 0 Restarts <1b>[0mModel[Model-23], 4 Solutions, MAXIMIZE MESH = 6474500, Resolution time 0,013s, Time to best solution 0,012s, 162 Nodes (12.951,9 n/s), 233 Backtracks, 0 Backjumps, 114 Fails, 0 Restarts <1b>[0mModel[Model-23], 5 Solutions, MAXIMIZE MESH = 6475289, Resolution time 0,014s, Time to best solution 0,014s, 183 Nodes (13.394,6 n/s), 280 Backtracks, 0 Backjumps, 137 Fails, 0 Restarts <1b>[0mModel[Model-23], 6 Solutions, MAXIMIZE MESH = 6583769, Resolution time 0,031s, Time to best solution 0,031s, 369 Nodes (11.725,4 n/s), 640 Backtracks, 0 Backjumps, 316 Fails, 0 Restarts <1b>[0mModel[Model-23], 7 Solutions, MAXIMIZE MESH = 6773080, Resolution time 0,034s, Time to best solution 0,033s, 427 Nodes (12.741,1 n/s), 734 Backtracks, 0 Backjumps, 363 Fails, 0 Restarts <1b>[0mModel[Model-23], 8 Solutions, MAXIMIZE MESH = 6775343, Resolution time 0,062s, Time to best solution 0,062s, 679 Nodes (10.911,3 n/s), 1311 Backtracks, 0 Backjumps, 655 Fails, 0 Restarts <1b>[0mModel[Model-23], 9 Solutions, MAXIMIZE MESH = 6789012, Resolution time 0,064s, Time to best solution 0,064s, 730 Nodes (11.369,1 n/s), 1312 Backtracks, 0 Backjumps, 655 Fails, 0 Restarts <1b>[0mModel[Model-23], 10 Solutions, MAXIMIZE MESH = 6795894, Resolution time 0,069s, Time to best solution 0,068s, 785 Nodes (11.453,9 n/s), 1418 Backtracks, 0 Backjumps, 707 Fails, 0 Restarts <1b>[0mModel[Model-23], 11 Solutions, MAXIMIZE MESH = 6795896, Resolution time 0,069s, Time to best solution 0,069s, 786 Nodes (11.378,7 n/s), 1499 Backtracks, 0 Backjumps, 747 Fails, 0 Restarts <1b>[0mModel[Model-23], 12 Solutions, MAXIMIZE MESH = 6798199, Resolution time 0,070s, Time to best solution 0,070s, 788 Nodes (11.302,1 n/s), 1507 Backtracks, 0 Backjumps, 750 Fails, 0 Restarts <1b>[0mModel[Model-23], 13 Solutions, MAXIMIZE MESH = 6841141, Resolution time 0,923s, Time to best solution 0,923s, 13140 Nodes (14.234,7 n/s), 26158 Backtracks, 0 Backjumps, 13082 Fails, 0 Restarts <1b>[0mModel[Model-23], 14 Solutions, MAXIMIZE MESH = 6870605, Resolution time 0,925s, Time to best solution 0,925s, 13181 Nodes (14.248,6 n/s), 26225 Backtracks, 0 Backjumps, 13117 Fails, 0 Restarts <1b>[0mModel[Model-23], 15 Solutions, MAXIMIZE MESH = 6877982, Resolution time 0,926s, Time to best solution 0,926s, 13219 Nodes (14.268,4 n/s), 26300 Backtracks, 0 Backjumps, 13152 Fails, 0 Restarts <1b>[0mModel[Model-23], 16 Solutions, MAXIMIZE MESH = 7026336, Resolution time 0,928s, Time to best solution 0,928s, 13272 Nodes (14.294,9 n/s), 26374 Backtracks, 0 Backjumps, 13189 Fails, 0 Restarts <1b>[0mModel[Model-23], 16 Solutions, MAXIMIZE MESH = 7026336, Resolution time 1,001s, Time to best solution 0,928s, 14577 Nodes (14.567,9 n/s), 29009 Backtracks, 0 Backjumps, 14514 Fails, 0 Restarts <1b>[0mHeight = 117 Width = 170 Current landscape state loaded Habitat cells = 2682 Non habitat cells = 2094 Accessible non habitat cells = 604 Out cells = 15114 MESH initial = 642.2554438860972 Model[Model-24], 1 Solutions, MAXIMIZE MESH = 64805, Resolution time 0,003s, Time to best solution 0,003s, 17 Nodes (6.073,2 n/s), 6 Backtracks, 0 Backjumps, 5 Fails, 0 Restarts <1b>[0mModel[Model-24], 2 Solutions, MAXIMIZE MESH = 66234, Resolution time 0,003s, Time to best solution 0,003s, 21 Nodes (6.170,7 n/s), 15 Backtracks, 0 Backjumps, 9 Fails, 0 Restarts <1b>[0mModel[Model-24], 3 Solutions, MAXIMIZE MESH = 66377, Resolution time 0,098s, Time to best solution 0,098s, 460 Nodes (4.687,6 n/s), 538 Backtracks, 0 Backjumps, 444 Fails, 0 Restarts <1b>[0mModel[Model-24], 4 Solutions, MAXIMIZE MESH = 66522, Resolution time 0,099s, Time to best solution 0,099s, 466 Nodes (4.701,9 n/s), 547 Backtracks, 0 Backjumps, 449 Fails, 0 Restarts <1b>[0mModel[Model-24], 4 Solutions, MAXIMIZE MESH = 66522, Resolution time 0,141s, Time to best solution 0,099s, 858 Nodes (6.067,4 n/s), 1709 Backtracks, 0 Backjumps, 851 Fails, 0 Restarts <1b>[0mHeight = 117 Width = 170 Current landscape state loaded Habitat cells = 2682 Non habitat cells = 2094 Accessible non habitat cells = 604 Out cells = 15114 Model[Model-25], 1 Solutions, Resolution time 0,001s, 6 Nodes (8.457,9 n/s), 0 Backtracks, 0 Backjumps, 0 Fails, 0 Restarts <1b>[0mModel[Model-25], 2 Solutions, Resolution time 0,001s, 7 Nodes (6.432,6 n/s), 1 Backtracks, 0 Backjumps, 0 Fails, 0 Restarts <1b>[0mModel[Model-25], 3 Solutions, Resolution time 0,001s, 8 Nodes (5.790,4 n/s), 3 Backtracks, 0 Backjumps, 0 Fails, 0 Restarts <1b>[0mHeight = 117 Width = 170 Current landscape state loaded Habitat cells = 2682 Non habitat cells = 2094 Accessible non habitat cells = 604 Out cells = 15114 Model[Model-26], 1 Solutions, Resolution time 0,001s, 6 Nodes (8.216,9 n/s), 0 Backtracks, 0 Backjumps, 0 Fails, 0 Restarts <1b>[0mHeight = 117 Width = 170 Current landscape state loaded Habitat cells = 2682 Non habitat cells = 2094 Accessible non habitat cells = 146 Out cells = 15114 IIC initial = 0.20373477041721344 Model[Model-27], 1 Solutions, MAXIMIZE IIC = 2071, Resolution time 0,006s, Time to best solution 0,006s, 17 Nodes (2.918,5 n/s), 6 Backtracks, 0 Backjumps, 5 Fails, 0 Restarts <1b>[0mModel[Model-27], 2 Solutions, MAXIMIZE IIC = 2113, Resolution time 0,007s, Time to best solution 0,007s, 21 Nodes (2.995,5 n/s), 15 Backtracks, 0 Backjumps, 9 Fails, 0 Restarts <1b>[0mModel[Model-27], 2 Solutions, MAXIMIZE IIC = 2113, Resolution time 0,053s, Time to best solution 0,007s, 151 Nodes (2.843,4 n/s), 299 Backtracks, 0 Backjumps, 148 Fails, 0 Restarts <1b>[0mHeight = 117 Width = 170 Current landscape state loaded Habitat cells = 2682 Non habitat cells = 2094 Accessible non habitat cells = 146 Out cells = 15114 IIC initial = 0.1864735335111618 Model[Model-28], 1 Solutions, MAXIMIZE IIC = 1899, Resolution time 0,009s, Time to best solution 0,008s, 17 Nodes (1.978,0 n/s), 6 Backtracks, 0 Backjumps, 5 Fails, 0 Restarts <1b>[0mModel[Model-28], 2 Solutions, MAXIMIZE IIC = 1941, Resolution time 0,010s, Time to best solution 0,010s, 21 Nodes (2.136,4 n/s), 15 Backtracks, 0 Backjumps, 9 Fails, 0 Restarts <1b>[0mModel[Model-28], 2 Solutions, MAXIMIZE IIC = 1941, Resolution time 0,031s, Time to best solution 0,010s, 148 Nodes (4.731,0 n/s), 293 Backtracks, 0 Backjumps, 145 Fails, 0 Restarts <1b>[0mHeight = 117 Width = 170 Current landscape state loaded Habitat cells = 2682 Non habitat cells = 2094 Accessible non habitat cells = 146 Out cells = 15114 MESH initial = 642.2554438860972 Model[Model-29], 1 Solutions, MAXIMIZE MESH = 6480454, Resolution time 0,002s, Time to best solution 0,002s, 17 Nodes (9.567,8 n/s), 6 Backtracks, 0 Backjumps, 5 Fails, 0 Restarts <1b>[0mModel[Model-29], 2 Solutions, MAXIMIZE MESH = 6623356, Resolution time 0,002s, Time to best solution 0,002s, 21 Nodes (8.651,9 n/s), 15 Backtracks, 0 Backjumps, 9 Fails, 0 Restarts <1b>[0mModel[Model-29], 2 Solutions, MAXIMIZE MESH = 6623356, Resolution time 0,018s, Time to best solution 0,002s, 155 Nodes (8.596,0 n/s), 307 Backtracks, 0 Backjumps, 152 Fails, 0 Restarts <1b>[0mHeight = 117 Width = 170 Current landscape state loaded Habitat cells = 2682 Non habitat cells = 2094 Accessible non habitat cells = 146 Out cells = 15114 Height = 117 Width = 170 Current landscape state loaded Habitat cells = 2682 Non habitat cells = 2094 Accessible non habitat cells = 146 Out cells = 15114 Height = 117 Width = 170 Current landscape state loaded Habitat cells = 2682 Non habitat cells = 2094 Accessible non habitat cells = 146 Out cells = 15114 Height = 117 Width = 170 Current landscape state loaded Habitat cells = 2682 Non habitat cells = 2094 Accessible non habitat cells = 146 Out cells = 15114 Height = 117 Width = 170 Current landscape state loaded Habitat cells = 2682 Non habitat cells = 2094 Accessible non habitat cells = 2094 Out cells = 15114 Height = 117 Width = 170 Current landscape state loaded Habitat cells = 2682 Non habitat cells = 2094 Accessible non habitat cells = 2094 Out cells = 15114 Height = 117 Width = 170 Current landscape state loaded Habitat cells = 2682 Non habitat cells = 2094 Accessible non habitat cells = 2094 Out cells = 15114 Height = 117 Width = 170 Current landscape state loaded Habitat cells = 2682 Non habitat cells = 2094 Accessible non habitat cells = 2094 Out cells = 15114 Height = 117 Width = 170 Current landscape state loaded Habitat cells = 2682 Non habitat cells = 2094 Accessible non habitat cells = 2094 Out cells = 15114 Height = 104 Width = 151 Current landscape state loaded Habitat cells = 2128 Non habitat cells = 1716 Accessible non habitat cells = 1716 Out cells = 11860 Height = 117 Width = 170 Current landscape state loaded Habitat cells = 2682 Non habitat cells = 2094 Accessible non habitat cells = 2094 Out cells = 15114 Height = 117 Width = 170 Current landscape state loaded Habitat cells = 2682 Non habitat cells = 2094 Accessible non habitat cells = 2094 Out cells = 15114 Height = 117 Width = 170 Current landscape state loaded Habitat cells = 2682 Non habitat cells = 2094 Accessible non habitat cells = 2094 Out cells = 15114 Height = 117 Width = 170 Current landscape state loaded Habitat cells = 2682 Non habitat cells = 2094 Accessible non habitat cells = 2094 Out cells = 15114 [ FAIL 1 | WARN 0 | SKIP 0 | PASS 914 ] ══ Failed tests ════════════════════════════════════════════════════════════════ ── Error ('test_solve.R:117:3'): number of solutions found is less than desired ── Error in `solve.RestoptProblem(problem)`: The research was stopped before a solution was found, consider increasing the time limit Backtrace: ▆ 1. ├─base::solve(problem) at test_solve.R:117:3 2. └─restoptr:::solve.RestoptProblem(problem) [ FAIL 1 | WARN 0 | SKIP 0 | PASS 914 ] Error: Test failures Execution halted Flavor: r-release-windows-x86_64