Last updated on 2022-05-26 03:53:18 CEST.
Flavor | Version | Tinstall | Tcheck | Ttotal | Status | Flags |
---|---|---|---|---|---|---|
r-devel-linux-x86_64-debian-clang | 1.3.0 | 9.62 | 81.67 | 91.29 | NOTE | |
r-devel-linux-x86_64-debian-gcc | 1.3.0 | 7.48 | 60.18 | 67.66 | NOTE | |
r-devel-linux-x86_64-fedora-clang | 1.3.0 | 105.71 | NOTE | |||
r-devel-linux-x86_64-fedora-gcc | 1.3.0 | 93.10 | NOTE | |||
r-devel-windows-x86_64 | 1.3.0 | 46.00 | 100.00 | 146.00 | NOTE | |
r-patched-linux-x86_64 | 1.3.0 | 6.28 | 76.32 | 82.60 | NOTE | |
r-release-linux-x86_64 | 1.3.0 | NOTE | ||||
r-release-macos-arm64 | 1.3.0 | 32.00 | NOTE | |||
r-release-macos-x86_64 | 1.3.0 | 48.00 | NOTE | |||
r-release-windows-x86_64 | 1.3.0 | 48.00 | 96.00 | 144.00 | NOTE | |
r-oldrel-macos-arm64 | 1.3.0 | 37.00 | NOTE | |||
r-oldrel-macos-x86_64 | 1.3.0 | 55.00 | NOTE | |||
r-oldrel-windows-ix86+x86_64 | 1.3.0 | 19.00 | 89.00 | 108.00 | NOTE |
Version: 1.3.0
Check: LazyData
Result: NOTE
'LazyData' is specified without a 'data' directory
Flavors: r-devel-linux-x86_64-debian-clang, r-devel-linux-x86_64-debian-gcc, r-devel-linux-x86_64-fedora-clang, r-devel-linux-x86_64-fedora-gcc, r-devel-windows-x86_64, r-patched-linux-x86_64, r-release-linux-x86_64, r-release-macos-arm64, r-release-macos-x86_64, r-release-windows-x86_64, r-oldrel-macos-arm64, r-oldrel-macos-x86_64, r-oldrel-windows-ix86+x86_64