Last updated on 2023-02-03 06:50:30 CET.
Flavor | Version | Tinstall | Tcheck | Ttotal | Status | Flags |
---|---|---|---|---|---|---|
r-devel-linux-x86_64-debian-clang | 0.8.9 | 4.53 | 41.10 | 45.63 | NOTE | |
r-devel-linux-x86_64-debian-gcc | 0.8.9 | 3.30 | 31.07 | 34.37 | NOTE | |
r-devel-linux-x86_64-fedora-clang | 0.8.9 | 56.69 | NOTE | |||
r-devel-linux-x86_64-fedora-gcc | 0.8.9 | 57.61 | NOTE | |||
r-patched-linux-x86_64 | 0.8.9 | 4.56 | 37.24 | 41.80 | OK | |
r-release-linux-x86_64 | 0.8.9 | 3.43 | 38.01 | 41.44 | OK | |
r-release-macos-arm64 | 0.8.9 | 21.00 | OK | |||
r-release-macos-x86_64 | 0.8.9 | 30.00 | OK | |||
r-release-windows-x86_64 | 0.8.9 | 45.00 | 81.00 | 126.00 | OK | |
r-oldrel-macos-arm64 | 0.8.9 | 25.00 | OK | |||
r-oldrel-macos-x86_64 | 0.8.9 | 28.00 | OK | |||
r-oldrel-windows-ix86+x86_64 | 0.8.9 | 9.00 | 63.00 | 72.00 | OK |
Version: 0.8.9
Check: Rd files
Result: NOTE
checkRd: (-1) as-data-frame-cast-df-v7.rd:3: Escaped LaTeX specials: \_
checkRd: (-1) as-data-frame-cast-matrix-59.rd:3: Escaped LaTeX specials: \_
checkRd: (-1) as-matrix-cast-df-bu.rd:3: Escaped LaTeX specials: \_
checkRd: (-1) as-matrix-cast-matrix-2y.rd:3: Escaped LaTeX specials: \_
checkRd: (-1) cast-9g.rd:19: Escaped LaTeX specials: \_ \_
checkRd: (-1) cast-9g.rd:41: Escaped LaTeX specials: \_
checkRd: (-1) cast-9g.rd:46: Escaped LaTeX specials: \_ \_
checkRd: (-1) clean-vars-rc.rd:13: Escaped LaTeX specials: \_
checkRd: (-1) expand-kx.rd:15: Escaped LaTeX specials: \_
checkRd: (-1) reshape-4u.rd:17: Escaped LaTeX specials: \_ \_
Flavors: r-devel-linux-x86_64-debian-clang, r-devel-linux-x86_64-debian-gcc, r-devel-linux-x86_64-fedora-clang, r-devel-linux-x86_64-fedora-gcc