CRAN Package Check Results for Package rerf

Last updated on 2020-07-08 06:47:58 CEST.

Flavor Version Tinstall Tcheck Ttotal Status Flags
r-devel-linux-x86_64-debian-clang 2.0.4 80.31 134.56 214.87 NOTE
r-devel-linux-x86_64-debian-gcc 2.0.4 59.92 106.88 166.80 NOTE
r-devel-linux-x86_64-fedora-clang 2.0.4 277.70 NOTE
r-devel-linux-x86_64-fedora-gcc 2.0.4 269.63 NOTE
r-devel-windows-ix86+x86_64 2.0.4 151.00 254.00 405.00 NOTE
r-patched-linux-x86_64 2.0.4 60.33 133.09 193.42 NOTE
r-patched-solaris-x86 2.0.4 287.30 NOTE
r-release-linux-x86_64 2.0.4 57.01 137.78 194.79 NOTE
r-release-osx-x86_64 2.0.4 NOTE
r-release-windows-ix86+x86_64 2.0.4 151.00 240.00 391.00 NOTE
r-oldrel-osx-x86_64 2.0.4 NOTE
r-oldrel-windows-ix86+x86_64 2.0.4 150.00 303.00 453.00 OK

Check Details

Version: 2.0.4
Check: use of PKG_*FLAGS in Makefiles
Result: NOTE
     PKG_CFLAGS set in 'src/Makevars' without any corresponding files
Flavors: r-devel-linux-x86_64-debian-clang, r-devel-linux-x86_64-debian-gcc, r-devel-linux-x86_64-fedora-clang, r-devel-linux-x86_64-fedora-gcc, r-devel-windows-ix86+x86_64, r-patched-linux-x86_64, r-patched-solaris-x86, r-release-linux-x86_64, r-release-osx-x86_64, r-release-windows-ix86+x86_64

Version: 2.0.4
Check: for non-standard things in the check directory
Result: NOTE
    Found the following files/directories:
     'forest.out'
Flavors: r-devel-linux-x86_64-debian-clang, r-devel-linux-x86_64-debian-gcc, r-devel-linux-x86_64-fedora-clang, r-devel-linux-x86_64-fedora-gcc, r-patched-linux-x86_64, r-patched-solaris-x86, r-release-linux-x86_64

Version: 2.0.4
Check: installed package size
Result: NOTE
     installed size is 5.1Mb
     sub-directories of 1Mb or more:
     data 3.1Mb
     libs 1.7Mb
Flavors: r-devel-linux-x86_64-fedora-clang, r-devel-windows-ix86+x86_64, r-release-osx-x86_64, r-release-windows-ix86+x86_64, r-oldrel-osx-x86_64