CRAN Package Check Results for Package repurrrsive

Last updated on 2022-10-06 21:50:04 CEST.

Flavor Version Tinstall Tcheck Ttotal Status Flags
r-devel-linux-x86_64-debian-clang 1.0.0 4.97 52.93 57.90 OK
r-devel-linux-x86_64-debian-gcc 1.0.0 4.08 39.39 43.47 OK
r-devel-linux-x86_64-fedora-clang 1.0.0 79.98 NOTE
r-devel-linux-x86_64-fedora-gcc 1.0.0 76.22 NOTE
r-devel-windows-x86_64 1.0.0 43.00 83.00 126.00 OK
r-patched-linux-x86_64 1.0.0 4.36 48.72 53.08 OK
r-release-linux-x86_64 1.0.0 5.08 49.33 54.41 OK
r-release-macos-arm64 1.0.0 24.00 NOTE
r-release-macos-x86_64 1.0.0 36.00 NOTE
r-release-windows-x86_64 1.0.0 22.00 77.00 99.00 OK
r-oldrel-macos-arm64 1.0.0 27.00 NOTE
r-oldrel-macos-x86_64 1.0.0 40.00 NOTE
r-oldrel-windows-ix86+x86_64 1.0.0 11.00 74.00 85.00 OK

Check Details

Version: 1.0.0
Check: data for non-ASCII characters
Result: NOTE
     Note: found 25 marked UTF-8 strings
Flavors: r-devel-linux-x86_64-fedora-clang, r-devel-linux-x86_64-fedora-gcc, r-release-macos-arm64, r-release-macos-x86_64, r-oldrel-macos-arm64, r-oldrel-macos-x86_64