CRAN Package Check Results for Package reproj

Last updated on 2024-06-15 19:55:08 CEST.

Flavor Version Tinstall Tcheck Ttotal Status Flags
r-devel-linux-x86_64-debian-clang 0.7.0 2.66 28.41 31.07 OK
r-devel-linux-x86_64-debian-gcc 0.7.0 2.08 21.45 23.53 OK
r-devel-linux-x86_64-fedora-clang 0.7.0 38.69 OK
r-devel-linux-x86_64-fedora-gcc 0.7.0 36.69 OK
r-devel-windows-x86_64 0.7.0 3.00 47.00 50.00 ERROR
r-patched-linux-x86_64 0.7.0 2.84 26.88 29.72 OK
r-release-linux-x86_64 0.4.3 2.28 24.38 26.66 OK
r-release-macos-arm64 0.7.0 20.00 OK
r-release-macos-x86_64 0.7.0 34.00 OK
r-release-windows-x86_64 0.7.0 4.00 44.00 48.00 OK
r-oldrel-macos-arm64 0.7.0 23.00 OK
r-oldrel-macos-x86_64 0.7.0 34.00 OK
r-oldrel-windows-x86_64 0.7.0 4.00 47.00 51.00 OK

Check Details

Version: 0.7.0
Check: whether package can be installed
Result: ERROR Installation failed. Flavor: r-devel-windows-x86_64