CRAN Package Check Results for Package repolr

Last updated on 2023-09-26 21:14:54 CEST.

Flavor Version Tinstall Tcheck Ttotal Status Flags
r-devel-linux-x86_64-debian-clang 3.4 176.25 41.11 217.36 OK
r-devel-linux-x86_64-debian-gcc 3.4 130.25 31.38 161.63 OK
r-devel-linux-x86_64-fedora-clang 3.4 351.06 NOTE
r-devel-linux-x86_64-fedora-gcc 3.4 343.44 NOTE
r-devel-windows-x86_64 3.4 128.00 75.00 203.00 OK
r-patched-linux-x86_64 3.4 185.14 40.06 225.20 OK
r-release-linux-x86_64 3.4 179.22 37.98 217.20 OK
r-release-macos-arm64 3.4 84.00 NOTE
r-release-macos-x86_64 3.4 135.00 NOTE
r-release-windows-x86_64 3.4 165.00 85.00 250.00 OK
r-oldrel-macos-arm64 3.4 71.00 NOTE
r-oldrel-macos-x86_64 3.4 90.00 NOTE
r-oldrel-windows-x86_64 3.4 157.00 88.00 245.00 OK

Check Details

Version: 3.4
Check: compiled code
Result: NOTE
    File ‘repolr/libs/repolr.so’:
     Found no calls to: ‘R_registerRoutines’, ‘R_useDynamicSymbols’
    
    It is good practice to register native routines and to disable symbol
    search.
    
    See ‘Writing portable packages’ in the ‘Writing R Extensions’ manual.
Flavors: r-devel-linux-x86_64-fedora-clang, r-devel-linux-x86_64-fedora-gcc

Version: 3.4
Check: installed package size
Result: NOTE
     installed size is 10.3Mb
     sub-directories of 1Mb or more:
     libs 10.1Mb
Flavors: r-release-macos-arm64, r-release-macos-x86_64, r-oldrel-macos-arm64, r-oldrel-macos-x86_64