CRAN Package Check Results for Package renv

Last updated on 2022-01-21 20:48:51 CET.

Flavor Version Tinstall Tcheck Ttotal Status Flags
r-devel-linux-x86_64-debian-clang 0.15.1 17.31 228.55 245.86 WARN
r-devel-linux-x86_64-debian-gcc 0.15.1 14.98 172.96 187.94 WARN
r-devel-linux-x86_64-fedora-clang 0.15.1 169.51 WARN
r-devel-linux-x86_64-fedora-gcc 0.15.1 253.96 WARN
r-devel-windows-x86_64-new-UL 0.15.1 305.00 168.00 473.00 WARN
r-devel-windows-x86_64-new-TK 0.15.1 OK
r-patched-linux-x86_64 0.15.1 17.89 228.12 246.01 WARN
r-release-linux-x86_64 0.15.1 15.38 228.76 244.14 WARN
r-release-macos-arm64 0.15.1 OK
r-release-macos-x86_64 0.15.1 OK
r-release-windows-ix86+x86_64 0.15.1 31.00 124.00 155.00 WARN
r-oldrel-macos-x86_64 0.14.0 OK
r-oldrel-windows-ix86+x86_64 0.15.1 31.00 130.00 161.00 WARN

Check Details

Version: 0.15.1
Check: for unstated dependencies in ‘tests’
Result: WARN
    '::' or ':::' import not declared from: 'bread'
    'library' or 'require' call not declared from: 'bread'
Flavors: r-devel-linux-x86_64-debian-clang, r-devel-linux-x86_64-debian-gcc, r-devel-linux-x86_64-fedora-clang, r-devel-linux-x86_64-fedora-gcc, r-devel-windows-x86_64-new-UL, r-patched-linux-x86_64, r-release-linux-x86_64, r-release-windows-ix86+x86_64, r-oldrel-windows-ix86+x86_64