Last updated on 2024-03-28 12:50:45 CET.
Flavor | Version | Tinstall | Tcheck | Ttotal | Status | Flags |
---|---|---|---|---|---|---|
r-devel-linux-x86_64-debian-clang | 1.0 | 2.43 | 58.97 | 61.40 | NOTE | |
r-devel-linux-x86_64-debian-gcc | 1.0 | 2.55 | 44.83 | 47.38 | NOTE | |
r-devel-linux-x86_64-fedora-clang | 1.0 | 77.26 | NOTE | |||
r-devel-linux-x86_64-fedora-gcc | 1.0 | 87.74 | NOTE | |||
r-devel-windows-x86_64 | 1.0 | 4.00 | 67.00 | 71.00 | NOTE | |
r-patched-linux-x86_64 | 1.0 | 3.99 | 57.70 | 61.69 | NOTE | |
r-release-linux-x86_64 | 1.0 | 2.81 | 56.53 | 59.34 | NOTE | |
r-release-macos-arm64 | 1.0 | 41.00 | NOTE | |||
r-release-macos-x86_64 | 1.0 | 60.00 | NOTE | |||
r-release-windows-x86_64 | 1.0 | 4.00 | 73.00 | 77.00 | NOTE | |
r-oldrel-macos-arm64 | 1.0 | 29.00 | NOTE | |||
r-oldrel-windows-x86_64 | 1.0 | 5.00 | 77.00 | 82.00 | NOTE |
Version: 1.0
Check: LazyData
Result: NOTE
'LazyData' is specified without a 'data' directory
Flavors: r-devel-linux-x86_64-debian-clang, r-devel-linux-x86_64-debian-gcc, r-devel-linux-x86_64-fedora-clang, r-devel-linux-x86_64-fedora-gcc, r-devel-windows-x86_64, r-patched-linux-x86_64, r-release-linux-x86_64, r-release-macos-arm64, r-release-macos-x86_64, r-release-windows-x86_64, r-oldrel-macos-arm64, r-oldrel-windows-x86_64