Last updated on 2024-03-29 12:54:16 CET.
Flavor | Version | Tinstall | Tcheck | Ttotal | Status | Flags |
---|---|---|---|---|---|---|
r-devel-linux-x86_64-debian-clang | 1.2-1 | 9.47 | 51.64 | 61.11 | NOTE | |
r-devel-linux-x86_64-debian-gcc | 1.2-1 | 9.05 | 39.77 | 48.82 | NOTE | |
r-devel-linux-x86_64-fedora-clang | 1.2-1 | 76.44 | NOTE | |||
r-devel-linux-x86_64-fedora-gcc | 1.2-1 | 77.18 | NOTE | |||
r-devel-windows-x86_64 | 1.2-1 | 13.00 | 60.00 | 73.00 | NOTE | |
r-patched-linux-x86_64 | 1.2-1 | 9.50 | 51.00 | 60.50 | NOTE | |
r-release-linux-x86_64 | 1.2-1 | 9.39 | 50.34 | 59.73 | OK | |
r-release-macos-arm64 | 1.2-1 | 28.00 | OK | |||
r-release-macos-x86_64 | 1.2-1 | 40.00 | OK | |||
r-release-windows-x86_64 | 1.2-1 | 15.00 | 66.00 | 81.00 | OK | |
r-oldrel-macos-arm64 | 1.2-1 | 23.00 | OK | |||
r-oldrel-windows-x86_64 | 1.2-1 | 15.00 | 70.00 | 85.00 | OK |
Version: 1.2-1
Check: Rd files
Result: NOTE
checkRd: (-1) rem.dyad.Rd:121: Lost braces; missing escapes or markup?
121 | \item Single or multiple covariates, time varying: For \code{CovSnd}, \code{CovRec}, or \code{CovInt}, an \code{m} by \code{p} by {n} array whose respective dimensions index time (i.e., event number), covariate, and actor. For \code{CovEvent}, a \code{m} by \code{p} by \code{n} by \code{n} array, whose dimensions are analogous to the previous case.
| ^
Flavors: r-devel-linux-x86_64-debian-clang, r-devel-linux-x86_64-debian-gcc, r-devel-linux-x86_64-fedora-clang, r-devel-linux-x86_64-fedora-gcc, r-devel-windows-x86_64, r-patched-linux-x86_64