CRAN Package Check Results for Package relations

Last updated on 2022-01-28 21:52:03 CET.

Flavor Version Tinstall Tcheck Ttotal Status Flags
r-devel-linux-x86_64-debian-clang 0.6-10 14.14 100.90 115.04 OK
r-devel-linux-x86_64-debian-gcc 0.6-10 9.30 74.88 84.18 OK
r-devel-linux-x86_64-fedora-clang 0.6-10 136.27 NOTE
r-devel-linux-x86_64-fedora-gcc 0.6-10 123.83 NOTE
r-devel-windows-x86_64-new-UL 0.6-10 290.00 136.00 426.00 NOTE
r-devel-windows-x86_64-new-TK 0.6-10 NOTE
r-patched-linux-x86_64 0.6-10 12.85 98.82 111.67 OK
r-release-linux-x86_64 0.6-10 11.95 97.09 109.04 OK
r-release-macos-arm64 0.6-10 NOTE
r-release-macos-x86_64 0.6-10 NOTE
r-release-windows-ix86+x86_64 0.6-10 17.00 115.00 132.00 NOTE
r-oldrel-macos-x86_64 0.6-10 NOTE
r-oldrel-windows-ix86+x86_64 0.6-10 18.00 117.00 135.00 NOTE

Check Details

Version: 0.6-10
Check: package dependencies
Result: NOTE
    Package which this enhances but not available for checking: ‘Rcplex’
Flavors: r-devel-linux-x86_64-fedora-clang, r-devel-linux-x86_64-fedora-gcc, r-devel-windows-x86_64-new-UL, r-devel-windows-x86_64-new-TK, r-release-macos-arm64, r-release-macos-x86_64, r-release-windows-ix86+x86_64, r-oldrel-macos-x86_64, r-oldrel-windows-ix86+x86_64

Version: 0.6-10
Check: Rd cross-references
Result: NOTE
    Undeclared package ‘graph’ in Rd xrefs
Flavor: r-devel-linux-x86_64-fedora-clang