Last updated on 2024-03-29 12:54:15 CET.
Flavor | Version | Tinstall | Tcheck | Ttotal | Status | Flags |
---|---|---|---|---|---|---|
r-devel-linux-x86_64-debian-clang | 3.2.2 | 14.46 | 215.39 | 229.85 | NOTE | |
r-devel-linux-x86_64-debian-gcc | 3.2.2 | 10.54 | 165.97 | 176.51 | NOTE | |
r-devel-linux-x86_64-fedora-clang | 3.2.2 | 274.77 | NOTE | |||
r-devel-linux-x86_64-fedora-gcc | 3.2.2 | 293.00 | NOTE | |||
r-devel-windows-x86_64 | 3.2.2 | 20.00 | 415.00 | 435.00 | NOTE | |
r-patched-linux-x86_64 | 3.2.2 | 12.72 | 217.99 | 230.71 | NOTE | |
r-release-linux-x86_64 | 3.2.2 | 13.77 | 212.71 | 226.48 | OK | |
r-release-macos-arm64 | 3.2.2 | 96.00 | OK | |||
r-release-macos-x86_64 | 3.2.2 | 161.00 | OK | |||
r-release-windows-x86_64 | 3.2.2 | 23.00 | 290.00 | 313.00 | OK | |
r-oldrel-macos-arm64 | 3.2.2 | 90.00 | OK | |||
r-oldrel-windows-x86_64 | 3.2.2 | 24.00 | 384.00 | 408.00 | OK |
Version: 3.2.2
Check: Rd files
Result: NOTE
checkRd: (-1) plot.ehh.Rd:27: Lost braces
27 | \item{type}{plot type (see code{\link[graphics]{plot.default}} and \code{\link[graphics]{matplot}}).
| ^
checkRd: (-1) plot.ehhs.Rd:27: Lost braces
27 | \item{type}{plot type (see code{\link[graphics]{plot.default}}.
| ^
Flavors: r-devel-linux-x86_64-debian-clang, r-devel-linux-x86_64-debian-gcc, r-devel-linux-x86_64-fedora-clang, r-devel-linux-x86_64-fedora-gcc, r-devel-windows-x86_64, r-patched-linux-x86_64