CRAN Package Check Results for Package regmedint

Last updated on 2020-08-12 21:49:53 CEST.

Flavor Version Tinstall Tcheck Ttotal Status Flags
r-devel-linux-x86_64-debian-clang 0.1.0 10.30 106.59 116.89 ERROR
r-devel-linux-x86_64-debian-gcc 0.1.0 7.40 129.95 137.35 OK
r-devel-linux-x86_64-fedora-clang 0.1.0 216.60 NOTE
r-devel-linux-x86_64-fedora-gcc 0.1.0 218.17 NOTE
r-devel-windows-ix86+x86_64 0.1.0 23.00 218.00 241.00 OK
r-patched-linux-x86_64 0.1.0 9.36 167.86 177.22 OK
r-patched-solaris-x86 0.1.0 285.40 NOTE
r-release-linux-x86_64 0.1.0 10.46 104.99 115.45 ERROR
r-release-macos-x86_64 0.1.0 NOTE
r-release-windows-ix86+x86_64 0.1.0 24.00 226.00 250.00 OK
r-oldrel-macos-x86_64 0.1.0 NOTE
r-oldrel-windows-ix86+x86_64 0.1.0 15.00 149.00 164.00 OK

Check Details

Version: 0.1.0
Check: package dependencies
Result: NOTE
    Packages suggested but not available for checking:
     'geepack', 'mice', 'modelr', 'tidyverse'
Flavors: r-devel-linux-x86_64-debian-clang, r-release-linux-x86_64

Version: 0.1.0
Check: tests
Result: ERROR
     Running 'testthat.R' [4s/5s]
    Running the tests in 'tests/testthat.R' failed.
    Complete output:
     > library(testthat)
     > library(regmedint)
     >
     > test_check("regmedint")
     -- 1. Error: (unknown) (@test-01_regmedint_class_ui.R#10) ---------------------
     there is no package called 'tidyverse'
     Backtrace:
     1. base::library(tidyverse)
    
     -- 2. Error: (unknown) (@test-03_fit_mreg.R#11) -------------------------------
     there is no package called 'tidyverse'
     Backtrace:
     1. base::library(tidyverse)
    
     -- 3. Error: (unknown) (@test-04_fit_yreg_linear.R#11) ------------------------
     there is no package called 'tidyverse'
     Backtrace:
     1. base::library(tidyverse)
    
     -- 4. Error: (unknown) (@test-04_fit_yreg_logistic.R#11) ----------------------
     there is no package called 'tidyverse'
     Backtrace:
     1. base::library(tidyverse)
    
     -- 5. Error: (unknown) (@test-04_fit_yreg_loglinear.R#10) ---------------------
     there is no package called 'geepack'
     Backtrace:
     1. base::library(geepack)
    
     -- 6. Error: (unknown) (@test-04_fit_yreg_negbin.R#11) ------------------------
     there is no package called 'tidyverse'
     Backtrace:
     1. base::library(tidyverse)
    
     -- 7. Error: (unknown) (@test-04_fit_yreg_poisson.R#11) -----------------------
     there is no package called 'tidyverse'
     Backtrace:
     1. base::library(tidyverse)
    
     -- 8. Error: (unknown) (@test-04_fit_yreg_survAFT_exp.R#11) -------------------
     there is no package called 'tidyverse'
     Backtrace:
     1. base::library(tidyverse)
    
     -- 9. Error: (unknown) (@test-04_fit_yreg_survAFT_weibull.R#11) ---------------
     there is no package called 'tidyverse'
     Backtrace:
     1. base::library(tidyverse)
    
     -- 10. Error: (unknown) (@test-04_fit_yreg_survCox.R#11) ----------------------
     there is no package called 'tidyverse'
     Backtrace:
     1. base::library(tidyverse)
    
     -- 11. Error: (unknown) (@test-05_calc_myreg.R#11) ----------------------------
     there is no package called 'tidyverse'
     Backtrace:
     1. base::library(tidyverse)
    
     -- 12. Error: (unknown) (@test-06_calc_myreg_helpers_coef.R#11) ---------------
     there is no package called 'tidyverse'
     Backtrace:
     1. base::library(tidyverse)
    
     -- 13. Error: (unknown) (@test-06_calc_myreg_helpers_vcov.R#11) ---------------
     there is no package called 'tidyverse'
     Backtrace:
     1. base::library(tidyverse)
    
     -- 14. Error: (unknown) (@test-07_calc_myreg_mreg_linear_yreg_linear.R#11) ----
     there is no package called 'tidyverse'
     Backtrace:
     1. base::library(tidyverse)
    
     -- 15. Error: (unknown) (@test-07_calc_myreg_mreg_linear_yreg_logistic.R#11) --
     there is no package called 'tidyverse'
     Backtrace:
     1. base::library(tidyverse)
    
     -- 16. Error: (unknown) (@test-07_calc_myreg_mreg_logistic_yreg_linear.R#11) --
     there is no package called 'tidyverse'
     Backtrace:
     1. base::library(tidyverse)
    
     -- 17. Error: (unknown) (@test-07_calc_myreg_mreg_logistic_yreg_logistic.R#11)
     there is no package called 'tidyverse'
     Backtrace:
     1. base::library(tidyverse)
    
     -- 18. Error: (unknown) -------------------------------------------------------
     could not find function "mutate"
    
     -- 19. Error: (unknown) (@test-09_cross_check_with_sas_macro.R#10) ------------
     there is no package called 'tidyverse'
     Backtrace:
     1. base::library(tidyverse)
    
     == testthat results ===========================================================
     [ OK: 23 | SKIPPED: 0 | WARNINGS: 0 | FAILED: 19 ]
     1. Error: (unknown) (@test-01_regmedint_class_ui.R#10)
     2. Error: (unknown) (@test-03_fit_mreg.R#11)
     3. Error: (unknown) (@test-04_fit_yreg_linear.R#11)
     4. Error: (unknown) (@test-04_fit_yreg_logistic.R#11)
     5. Error: (unknown) (@test-04_fit_yreg_loglinear.R#10)
     6. Error: (unknown) (@test-04_fit_yreg_negbin.R#11)
     7. Error: (unknown) (@test-04_fit_yreg_poisson.R#11)
     8. Error: (unknown) (@test-04_fit_yreg_survAFT_exp.R#11)
     9. Error: (unknown) (@test-04_fit_yreg_survAFT_weibull.R#11)
     1. ...
    
     Error: testthat unit tests failed
     Execution halted
Flavor: r-devel-linux-x86_64-debian-clang

Version: 0.1.0
Check: dependencies in R code
Result: NOTE
    Namespace in Imports field not imported from: ‘Deriv’
     All declared Imports should be used.
Flavors: r-devel-linux-x86_64-fedora-clang, r-devel-linux-x86_64-fedora-gcc, r-patched-solaris-x86, r-release-macos-x86_64, r-oldrel-macos-x86_64

Version: 0.1.0
Check: tests
Result: ERROR
     Running ‘testthat.R’ [4s/4s]
    Running the tests in ‘tests/testthat.R’ failed.
    Complete output:
     > library(testthat)
     > library(regmedint)
     >
     > test_check("regmedint")
     ── 1. Error: (unknown) (@test-01_regmedint_class_ui.R#10) ─────────────────────
     there is no package called 'tidyverse'
     Backtrace:
     1. base::library(tidyverse)
    
     ── 2. Error: (unknown) (@test-03_fit_mreg.R#11) ───────────────────────────────
     there is no package called 'tidyverse'
     Backtrace:
     1. base::library(tidyverse)
    
     ── 3. Error: (unknown) (@test-04_fit_yreg_linear.R#11) ────────────────────────
     there is no package called 'tidyverse'
     Backtrace:
     1. base::library(tidyverse)
    
     ── 4. Error: (unknown) (@test-04_fit_yreg_logistic.R#11) ──────────────────────
     there is no package called 'tidyverse'
     Backtrace:
     1. base::library(tidyverse)
    
     ── 5. Error: (unknown) (@test-04_fit_yreg_loglinear.R#10) ─────────────────────
     there is no package called 'geepack'
     Backtrace:
     1. base::library(geepack)
    
     ── 6. Error: (unknown) (@test-04_fit_yreg_negbin.R#11) ────────────────────────
     there is no package called 'tidyverse'
     Backtrace:
     1. base::library(tidyverse)
    
     ── 7. Error: (unknown) (@test-04_fit_yreg_poisson.R#11) ───────────────────────
     there is no package called 'tidyverse'
     Backtrace:
     1. base::library(tidyverse)
    
     ── 8. Error: (unknown) (@test-04_fit_yreg_survAFT_exp.R#11) ───────────────────
     there is no package called 'tidyverse'
     Backtrace:
     1. base::library(tidyverse)
    
     ── 9. Error: (unknown) (@test-04_fit_yreg_survAFT_weibull.R#11) ───────────────
     there is no package called 'tidyverse'
     Backtrace:
     1. base::library(tidyverse)
    
     ── 10. Error: (unknown) (@test-04_fit_yreg_survCox.R#11) ──────────────────────
     there is no package called 'tidyverse'
     Backtrace:
     1. base::library(tidyverse)
    
     ── 11. Error: (unknown) (@test-05_calc_myreg.R#11) ────────────────────────────
     there is no package called 'tidyverse'
     Backtrace:
     1. base::library(tidyverse)
    
     ── 12. Error: (unknown) (@test-06_calc_myreg_helpers_coef.R#11) ───────────────
     there is no package called 'tidyverse'
     Backtrace:
     1. base::library(tidyverse)
    
     ── 13. Error: (unknown) (@test-06_calc_myreg_helpers_vcov.R#11) ───────────────
     there is no package called 'tidyverse'
     Backtrace:
     1. base::library(tidyverse)
    
     ── 14. Error: (unknown) (@test-07_calc_myreg_mreg_linear_yreg_linear.R#11) ────
     there is no package called 'tidyverse'
     Backtrace:
     1. base::library(tidyverse)
    
     ── 15. Error: (unknown) (@test-07_calc_myreg_mreg_linear_yreg_logistic.R#11) ──
     there is no package called 'tidyverse'
     Backtrace:
     1. base::library(tidyverse)
    
     ── 16. Error: (unknown) (@test-07_calc_myreg_mreg_logistic_yreg_linear.R#11) ──
     there is no package called 'tidyverse'
     Backtrace:
     1. base::library(tidyverse)
    
     ── 17. Error: (unknown) (@test-07_calc_myreg_mreg_logistic_yreg_logistic.R#11)
     there is no package called 'tidyverse'
     Backtrace:
     1. base::library(tidyverse)
    
     ── 18. Error: (unknown) ───────────────────────────────────────────────────────
     could not find function "mutate"
    
     ── 19. Error: (unknown) (@test-09_cross_check_with_sas_macro.R#10) ────────────
     there is no package called 'tidyverse'
     Backtrace:
     1. base::library(tidyverse)
    
     ══ testthat results ═══════════════════════════════════════════════════════════
     [ OK: 23 | SKIPPED: 0 | WARNINGS: 0 | FAILED: 19 ]
     1. Error: (unknown) (@test-01_regmedint_class_ui.R#10)
     2. Error: (unknown) (@test-03_fit_mreg.R#11)
     3. Error: (unknown) (@test-04_fit_yreg_linear.R#11)
     4. Error: (unknown) (@test-04_fit_yreg_logistic.R#11)
     5. Error: (unknown) (@test-04_fit_yreg_loglinear.R#10)
     6. Error: (unknown) (@test-04_fit_yreg_negbin.R#11)
     7. Error: (unknown) (@test-04_fit_yreg_poisson.R#11)
     8. Error: (unknown) (@test-04_fit_yreg_survAFT_exp.R#11)
     9. Error: (unknown) (@test-04_fit_yreg_survAFT_weibull.R#11)
     1. ...
    
     Error: testthat unit tests failed
     Execution halted
Flavor: r-release-linux-x86_64