Last updated on 2023-03-20 12:51:22 CET.
Flavor | Version | Tinstall | Tcheck | Ttotal | Status | Flags |
---|---|---|---|---|---|---|
r-devel-linux-x86_64-debian-clang | 1.0.0 | OK | ||||
r-devel-linux-x86_64-debian-gcc | 1.0.0 | 9.99 | 174.46 | 184.45 | OK | |
r-devel-linux-x86_64-fedora-clang | 1.0.0 | 297.47 | NOTE | |||
r-devel-linux-x86_64-fedora-gcc | 1.0.0 | 303.86 | NOTE | |||
r-patched-linux-x86_64 | 1.0.0 | 12.74 | 220.51 | 233.25 | OK | |
r-release-linux-x86_64 | 1.0.0 | 8.10 | 220.04 | 228.14 | OK | |
r-release-macos-arm64 | 1.0.0 | 67.00 | NOTE | |||
r-release-macos-x86_64 | 1.0.0 | 103.00 | NOTE | |||
r-release-windows-x86_64 | 1.0.0 | 934.00 | 267.00 | 1201.00 | OK | |
r-oldrel-macos-arm64 | 1.0.0 | 74.00 | NOTE | |||
r-oldrel-macos-x86_64 | 1.0.0 | 107.00 | NOTE | |||
r-oldrel-windows-ix86+x86_64 | 1.0.0 | 23.00 | 263.00 | 286.00 | OK |
Version: 1.0.0
Check: dependencies in R code
Result: NOTE
Namespace in Imports field not imported from: ‘Deriv’
All declared Imports should be used.
Flavors: r-devel-linux-x86_64-fedora-clang, r-devel-linux-x86_64-fedora-gcc, r-release-macos-arm64, r-release-macos-x86_64, r-oldrel-macos-arm64, r-oldrel-macos-x86_64