Last updated on 2024-03-29 06:56:37 CET.
Flavor | Version | Tinstall | Tcheck | Ttotal | Status | Flags |
---|---|---|---|---|---|---|
r-devel-linux-x86_64-debian-clang | 1.2-7 | 10.76 | 75.91 | 86.67 | OK | |
r-devel-linux-x86_64-debian-gcc | 1.2-7 | 6.85 | 56.40 | 63.25 | OK | |
r-devel-linux-x86_64-fedora-clang | 1.2-7 | 99.94 | NOTE | |||
r-devel-linux-x86_64-fedora-gcc | 1.2-7 | 97.38 | OK | |||
r-devel-windows-x86_64 | 1.2-7 | 12.00 | 73.00 | 85.00 | OK | |
r-patched-linux-x86_64 | 1.2-7 | 10.80 | 72.41 | 83.21 | OK | |
r-release-linux-x86_64 | 1.2-7 | 9.71 | 74.77 | 84.48 | OK | |
r-release-macos-arm64 | 1.2-7 | 38.00 | OK | |||
r-release-macos-x86_64 | 1.2-7 | 86.00 | OK | |||
r-release-windows-x86_64 | 1.2-7 | 13.00 | 88.00 | 101.00 | OK | |
r-oldrel-macos-arm64 | 1.2-7 | 36.00 | OK | |||
r-oldrel-windows-x86_64 | 1.2-7 | 15.00 | 91.00 | 106.00 | OK |
Version: 1.2-7
Check: Rd cross-references
Result: NOTE
Undeclared package ‘monomvn’ in Rd xrefs
Flavor: r-devel-linux-x86_64-fedora-clang