Last updated on 2023-09-29 12:57:07 CEST.
Flavor | Version | Tinstall | Tcheck | Ttotal | Status | Flags |
---|---|---|---|---|---|---|
r-devel-linux-x86_64-debian-clang | 1.2-7 | 10.47 | 80.08 | 90.55 | OK | |
r-devel-linux-x86_64-debian-gcc | 1.2-7 | 8.42 | 59.90 | 68.32 | OK | |
r-devel-linux-x86_64-fedora-clang | 1.2-7 | 108.66 | NOTE | |||
r-devel-linux-x86_64-fedora-gcc | 1.2-7 | 103.08 | OK | |||
r-devel-windows-x86_64 | 1.2-7 | 13.00 | 77.00 | 90.00 | OK | |
r-patched-linux-x86_64 | 1.2-7 | 11.11 | 75.05 | 86.16 | OK | |
r-release-linux-x86_64 | 1.2-7 | 10.61 | 76.37 | 86.98 | OK | |
r-release-macos-arm64 | 1.2-7 | 38.00 | OK | |||
r-release-macos-x86_64 | 1.2-7 | 86.00 | OK | |||
r-release-windows-x86_64 | 1.2-7 | 16.00 | 89.00 | 105.00 | OK | |
r-oldrel-macos-arm64 | 1.2-7 | 36.00 | OK | |||
r-oldrel-macos-x86_64 | 1.2-7 | 52.00 | OK | |||
r-oldrel-windows-x86_64 | 1.2-7 | 15.00 | 87.00 | 102.00 | OK |
Version: 1.2-7
Check: Rd cross-references
Result: NOTE
Undeclared package ‘monomvn’ in Rd xrefs
Flavor: r-devel-linux-x86_64-fedora-clang