CRAN Package Check Results for Package refugees

Last updated on 2024-03-01 03:56:42 CET.

Flavor Version Tinstall Tcheck Ttotal Status Flags
r-devel-linux-x86_64-debian-clang 2023.6.0 41.54 66.33 107.87 OK
r-devel-linux-x86_64-debian-gcc 2023.6.0 41.31 52.04 93.35 OK
r-devel-linux-x86_64-fedora-clang 2023.6.0 145.20 NOTE
r-devel-linux-x86_64-fedora-gcc 2023.6.0 144.63 NOTE
r-devel-windows-x86_64 2023.6.0 39.00 68.00 107.00 OK
r-patched-linux-x86_64 2023.6.0 42.45 63.92 106.37 OK
r-release-linux-x86_64 2023.6.0 44.00 65.77 109.77 OK
r-release-macos-arm64 2023.6.0 70.00 OK
r-release-macos-x86_64 2023.6.0 121.00 OK
r-release-windows-x86_64 2023.6.0 54.00 86.00 140.00 OK
r-oldrel-macos-arm64 2023.6.0 79.00 OK
r-oldrel-windows-x86_64 2023.6.0 60.00 90.00 150.00 OK

Check Details

Version: 2023.6.0
Check: data for non-ASCII characters
Result: NOTE Note: found 24152 marked UTF-8 strings Flavors: r-devel-linux-x86_64-fedora-clang, r-devel-linux-x86_64-fedora-gcc