Last updated on 2022-05-27 06:51:32 CEST.
Flavor | Version | Tinstall | Tcheck | Ttotal | Status | Flags |
---|---|---|---|---|---|---|
r-devel-linux-x86_64-debian-clang | 1.0 | 33.16 | 709.79 | 742.95 | NOTE | |
r-devel-linux-x86_64-debian-gcc | 1.0 | 28.53 | 547.31 | 575.84 | NOTE | |
r-devel-linux-x86_64-fedora-clang | 1.0 | 886.24 | NOTE | |||
r-devel-linux-x86_64-fedora-gcc | 1.0 | 867.64 | NOTE | |||
r-devel-windows-x86_64 | 1.0 | 38.00 | 696.00 | 734.00 | NOTE | |
r-patched-linux-x86_64 | 1.0 | 29.17 | 716.14 | 745.31 | NOTE | |
r-release-linux-x86_64 | 1.0 | 34.81 | 718.92 | 753.73 | NOTE | |
r-release-macos-arm64 | 1.0 | 215.00 | NOTE | |||
r-release-macos-x86_64 | 1.0 | 311.00 | NOTE | |||
r-release-windows-x86_64 | 1.0 | 39.00 | 728.00 | 767.00 | NOTE | |
r-oldrel-macos-arm64 | 1.0 | 279.00 | NOTE | |||
r-oldrel-macos-x86_64 | 1.0 | 327.00 | NOTE | |||
r-oldrel-windows-ix86+x86_64 | 1.0 | 76.00 | 764.00 | 840.00 | NOTE |
Version: 1.0
Check: LazyData
Result: NOTE
'LazyData' is specified without a 'data' directory
Flavors: r-devel-linux-x86_64-debian-clang, r-devel-linux-x86_64-debian-gcc, r-devel-linux-x86_64-fedora-clang, r-devel-linux-x86_64-fedora-gcc, r-devel-windows-x86_64, r-patched-linux-x86_64, r-release-linux-x86_64, r-release-macos-arm64, r-release-macos-x86_64, r-release-windows-x86_64, r-oldrel-macos-arm64, r-oldrel-macos-x86_64, r-oldrel-windows-ix86+x86_64
Version: 1.0
Check: dependencies in R code
Result: NOTE
Namespace in Imports field not imported from: ‘Rdpack’
All declared Imports should be used.
Flavors: r-devel-linux-x86_64-fedora-clang, r-devel-linux-x86_64-fedora-gcc, r-release-macos-arm64, r-release-macos-x86_64, r-oldrel-macos-arm64, r-oldrel-macos-x86_64