CRAN Package Check Results for Package redux

Last updated on 2020-06-03 06:48:43 CEST.

Flavor Version Tinstall Tcheck Ttotal Status Flags
r-devel-linux-x86_64-debian-clang 1.1.0 7.72 32.72 40.44 OK
r-devel-linux-x86_64-debian-gcc 1.1.0 6.03 25.66 31.69 OK
r-devel-linux-x86_64-fedora-clang 1.1.0 58.07 NOTE
r-devel-linux-x86_64-fedora-gcc 1.1.0 50.47 NOTE
r-devel-windows-ix86+x86_64 1.1.0 35.00 86.00 121.00 OK
r-patched-linux-x86_64 1.1.0 6.05 32.53 38.58 OK
r-release-linux-x86_64 1.1.0 7.80 32.63 40.43 OK
r-release-osx-x86_64 1.1.0 OK
r-release-windows-ix86+x86_64 1.1.0 27.00 83.00 110.00 OK
r-oldrel-osx-x86_64 1.1.0 OK
r-oldrel-windows-ix86+x86_64 1.1.0 35.00 68.00 103.00 OK

Check Details

Version: 1.1.0
Check: top-level files
Result: NOTE
    ‘configure’: /bin/bash is not portable
Flavors: r-devel-linux-x86_64-fedora-clang, r-devel-linux-x86_64-fedora-gcc