Last updated on 2021-04-21 12:55:05 CEST.
Flavor | Version | Tinstall | Tcheck | Ttotal | Status | Flags |
---|---|---|---|---|---|---|
r-devel-linux-x86_64-debian-clang | 1.0.17-14 | 13.01 | 67.03 | 80.04 | OK | |
r-devel-linux-x86_64-debian-gcc | 1.0.17-14 | 10.05 | 51.74 | 61.79 | OK | |
r-devel-linux-x86_64-fedora-clang | 1.0.17-14 | 105.08 | OK | |||
r-devel-linux-x86_64-fedora-gcc | 1.0.17-14 | 95.81 | OK | |||
r-devel-windows-ix86+x86_64 | 1.0.17-14 | 34.00 | 119.00 | 153.00 | NOTE | |
r-devel-windows-x86_64-gcc10-UCRT | 1.0.17-14 | OK | ||||
r-patched-linux-x86_64 | 1.0.17-14 | 15.85 | 67.22 | 83.07 | OK | |
r-patched-solaris-x86 | 1.0.17-14 | 145.50 | OK | |||
r-release-linux-x86_64 | 1.0.17-14 | 12.52 | 66.63 | 79.15 | OK | |
r-release-macos-x86_64 | 1.0.17-14 | NOTE | ||||
r-release-windows-ix86+x86_64 | 1.0.17-14 | 34.00 | 142.00 | 176.00 | NOTE | |
r-oldrel-macos-x86_64 | 1.0.17-14 | OK | ||||
r-oldrel-windows-ix86+x86_64 | 1.0.17-14 | 28.00 | 133.00 | 161.00 | NOTE |
Version: 1.0.17-14
Check: installed package size
Result: NOTE
installed size is 5.9Mb
sub-directories of 1Mb or more:
libs 5.0Mb
Flavors: r-devel-windows-ix86+x86_64, r-release-macos-x86_64, r-release-windows-ix86+x86_64, r-oldrel-windows-ix86+x86_64