CRAN Package Check Results for Package recommenderlabBX

Last updated on 2022-10-06 21:50:03 CEST.

Flavor Version Tinstall Tcheck Ttotal Status Flags
r-devel-linux-x86_64-debian-clang 0.2-0 11.25 69.94 81.19 OK
r-devel-linux-x86_64-debian-gcc 0.2-0 7.57 54.26 61.83 OK
r-devel-linux-x86_64-fedora-clang 0.2-0 115.66 NOTE
r-devel-linux-x86_64-fedora-gcc 0.2-0 107.37 OK
r-devel-windows-x86_64 0.2-0 14.00 100.00 114.00 NOTE
r-patched-linux-x86_64 0.2-0 7.53 66.94 74.47 OK
r-release-linux-x86_64 0.2-0 8.74 68.23 76.97 OK
r-release-macos-arm64 0.2-0 32.00 NOTE
r-release-macos-x86_64 0.2-0 47.00 NOTE
r-release-windows-x86_64 0.2-0 30.00 98.00 128.00 NOTE
r-oldrel-macos-arm64 0.2-0 29.00 NOTE
r-oldrel-macos-x86_64 0.2-0 45.00 NOTE
r-oldrel-windows-ix86+x86_64 0.2-0 21.00 92.00 113.00 NOTE

Check Details

Version: 0.2-0
Check: installed package size
Result: NOTE
     installed size is 9.1Mb
     sub-directories of 1Mb or more:
     data 9.0Mb
Flavors: r-devel-linux-x86_64-fedora-clang, r-devel-windows-x86_64, r-release-macos-arm64, r-release-macos-x86_64, r-release-windows-x86_64, r-oldrel-macos-arm64, r-oldrel-macos-x86_64, r-oldrel-windows-ix86+x86_64