Last updated on 2024-04-20 03:53:17 CEST.
Flavor | Version | Tinstall | Tcheck | Ttotal | Status | Flags |
---|---|---|---|---|---|---|
r-devel-linux-x86_64-debian-clang | 0.2.1 | 3.65 | 37.34 | 40.99 | OK | |
r-devel-linux-x86_64-debian-gcc | 0.2.1 | OK | ||||
r-devel-linux-x86_64-fedora-clang | 0.2.1 | 49.31 | NOTE | |||
r-devel-linux-x86_64-fedora-gcc | 0.2.1 | 49.37 | OK | |||
r-prerel-macos-arm64 | 0.2.1 | 22.00 | NOTE | |||
r-prerel-windows-x86_64 | 0.2.1 | 8.00 | 50.00 | 58.00 | NOTE | |
r-patched-linux-x86_64 | 0.2.1 | 3.97 | 35.63 | 39.60 | OK | |
r-release-linux-x86_64 | 0.2.1 | 5.34 | 34.61 | 39.95 | OK | |
r-release-macos-arm64 | 0.2.1 | 27.00 | NOTE | |||
r-release-macos-x86_64 | 0.2.1 | 29.00 | NOTE | |||
r-release-windows-x86_64 | 0.2.1 | 8.00 | 51.00 | 59.00 | NOTE | |
r-oldrel-macos-arm64 | 0.2.1 | 18.00 | NOTE | |||
r-oldrel-windows-x86_64 | 0.2.1 | 8.00 | 54.00 | 62.00 | NOTE |
Version: 0.2.1
Check: package dependencies
Result: NOTE
Package suggested but not available for checking: ‘opencv’
Flavor: r-devel-linux-x86_64-fedora-clang
Version: 0.2.1
Check: installed package size
Result: NOTE
installed size is 10.4Mb
sub-directories of 1Mb or more:
htmlwidgets 9.9Mb
Flavors: r-devel-linux-x86_64-fedora-clang, r-prerel-macos-arm64, r-prerel-windows-x86_64, r-release-macos-arm64, r-release-macos-x86_64, r-release-windows-x86_64, r-oldrel-macos-arm64, r-oldrel-windows-x86_64