CRAN Package Check Results for Package reasonabletools

Last updated on 2024-05-29 11:52:47 CEST.

Flavor Version Tinstall Tcheck Ttotal Status Flags
r-devel-linux-x86_64-debian-clang 0.1 2.49 22.39 24.88 NOTE
r-devel-linux-x86_64-debian-gcc 0.1 1.66 17.32 18.98 NOTE
r-devel-linux-x86_64-fedora-clang 0.1 30.91 NOTE
r-devel-linux-x86_64-fedora-gcc 0.1 29.48 NOTE
r-devel-windows-x86_64 0.1 2.00 40.00 42.00 NOTE
r-patched-linux-x86_64 0.1 2.63 21.84 24.47 NOTE
r-release-linux-x86_64 0.1 2.26 21.30 23.56 NOTE
r-release-macos-arm64 0.1 13.00 NOTE
r-release-windows-x86_64 0.1 3.00 40.00 43.00 NOTE
r-oldrel-macos-arm64 0.1 15.00 NOTE
r-oldrel-macos-x86_64 0.1 17.00 NOTE
r-oldrel-windows-x86_64 0.1 5.00 41.00 46.00 NOTE

Check Details

Version: 0.1
Check: LazyData
Result: NOTE 'LazyData' is specified without a 'data' directory Flavors: r-devel-linux-x86_64-debian-clang, r-devel-linux-x86_64-debian-gcc, r-devel-linux-x86_64-fedora-clang, r-devel-linux-x86_64-fedora-gcc, r-devel-windows-x86_64, r-patched-linux-x86_64, r-release-linux-x86_64, r-release-macos-arm64, r-release-windows-x86_64, r-oldrel-macos-arm64, r-oldrel-macos-x86_64, r-oldrel-windows-x86_64