Last updated on 2023-09-23 21:52:55 CEST.
Flavor | Version | Tinstall | Tcheck | Ttotal | Status | Flags |
---|---|---|---|---|---|---|
r-devel-linux-x86_64-debian-clang | 0.1.5-3 | 45.95 | 80.28 | 126.23 | NOTE | |
r-devel-linux-x86_64-debian-gcc | 0.1.5-3 | 36.47 | 60.68 | 97.15 | NOTE | |
r-devel-linux-x86_64-fedora-clang | 0.1.5-3 | 170.87 | NOTE | |||
r-devel-linux-x86_64-fedora-gcc | 0.1.5-3 | 164.33 | NOTE | |||
r-devel-windows-x86_64 | 0.1.5-3 | 42.00 | 91.00 | 133.00 | NOTE | |
r-patched-linux-x86_64 | 0.1.5-3 | 44.59 | 77.46 | 122.05 | NOTE | |
r-release-linux-x86_64 | 0.1.5-3 | 44.27 | 77.06 | 121.33 | NOTE | |
r-release-macos-arm64 | 0.1.5-3 | 51.00 | NOTE | |||
r-release-macos-x86_64 | 0.1.5-3 | 82.00 | NOTE | |||
r-release-windows-x86_64 | 0.1.5-3 | 54.00 | 109.00 | 163.00 | NOTE | |
r-oldrel-macos-arm64 | 0.1.5-3 | 44.00 | OK | |||
r-oldrel-macos-x86_64 | 0.1.5-3 | 59.00 | OK | |||
r-oldrel-windows-x86_64 | 0.1.5-3 | 41.00 | 107.00 | 148.00 | OK |
Version: 0.1.5-3
Check: C++ specification
Result: NOTE
Specified C++11: please drop specification unless essential
Flavors: r-devel-linux-x86_64-debian-clang, r-devel-linux-x86_64-debian-gcc, r-devel-linux-x86_64-fedora-clang, r-devel-linux-x86_64-fedora-gcc, r-devel-windows-x86_64, r-patched-linux-x86_64, r-release-linux-x86_64, r-release-macos-arm64, r-release-macos-x86_64, r-release-windows-x86_64