Last updated on 2024-03-28 12:50:45 CET.
Flavor | Version | Tinstall | Tcheck | Ttotal | Status | Flags |
---|---|---|---|---|---|---|
r-devel-linux-x86_64-debian-clang | 0.2-12 | 4.49 | 39.53 | 44.02 | NOTE | |
r-devel-linux-x86_64-debian-gcc | 0.2-12 | 3.83 | 29.97 | 33.80 | NOTE | |
r-devel-linux-x86_64-fedora-clang | 0.2-12 | 54.44 | NOTE | |||
r-devel-linux-x86_64-fedora-gcc | 0.2-12 | 52.60 | NOTE | |||
r-devel-windows-x86_64 | 0.2-12 | 6.00 | 50.00 | 56.00 | NOTE | |
r-patched-linux-x86_64 | 0.2-12 | 4.97 | 38.01 | 42.98 | NOTE | |
r-release-linux-x86_64 | 0.2-12 | 4.02 | 38.43 | 42.45 | OK | |
r-release-macos-arm64 | 0.2-12 | 19.00 | OK | |||
r-release-macos-x86_64 | 0.2-12 | 24.00 | OK | |||
r-release-windows-x86_64 | 0.2-12 | 7.00 | 51.00 | 58.00 | OK | |
r-oldrel-macos-arm64 | 0.2-12 | 22.00 | OK | |||
r-oldrel-windows-x86_64 | 0.2-12 | 7.00 | 59.00 | 66.00 | OK |
Version: 0.2-12
Check: Rd files
Result: NOTE
checkRd: (-1) get.skip.Rd:15: Lost braces
15 | line in the file to determine the {code{skip}} value.}
| ^
checkRd: (-1) get.skip.Rd:15: Lost braces
15 | line in the file to determine the {code{skip}} value.}
| ^
Flavors: r-devel-linux-x86_64-debian-clang, r-devel-linux-x86_64-debian-gcc, r-devel-linux-x86_64-fedora-clang, r-devel-linux-x86_64-fedora-gcc, r-devel-windows-x86_64, r-patched-linux-x86_64