CRAN Package Check Results for Package readit

Last updated on 2022-09-28 21:51:46 CEST.

Flavor Version Tinstall Tcheck Ttotal Status Flags
r-devel-linux-x86_64-debian-clang 1.0.0 3.95 53.85 57.80 NOTE
r-devel-linux-x86_64-debian-gcc 1.0.0 4.02 39.38 43.40 NOTE
r-devel-linux-x86_64-fedora-clang 1.0.0 83.76 NOTE
r-devel-linux-x86_64-fedora-gcc 1.0.0 77.32 NOTE
r-devel-windows-x86_64 1.0.0 13.00 76.00 89.00 NOTE
r-patched-linux-x86_64 1.0.0 4.21 50.46 54.67 NOTE
r-release-linux-x86_64 1.0.0 3.55 50.88 54.43 NOTE
r-release-macos-arm64 1.0.0 26.00 NOTE
r-release-macos-x86_64 1.0.0 42.00 NOTE
r-release-windows-x86_64 1.0.0 15.00 78.00 93.00 NOTE
r-oldrel-macos-arm64 1.0.0 26.00 NOTE
r-oldrel-macos-x86_64 1.0.0 33.00 NOTE
r-oldrel-windows-ix86+x86_64 1.0.0 12.00 76.00 88.00 NOTE

Check Details

Version: 1.0.0
Check: LazyData
Result: NOTE
     'LazyData' is specified without a 'data' directory
Flavors: r-devel-linux-x86_64-debian-clang, r-devel-linux-x86_64-debian-gcc, r-devel-linux-x86_64-fedora-clang, r-devel-linux-x86_64-fedora-gcc, r-devel-windows-x86_64, r-patched-linux-x86_64, r-release-linux-x86_64, r-release-macos-arm64, r-release-macos-x86_64, r-release-windows-x86_64, r-oldrel-macos-arm64, r-oldrel-macos-x86_64, r-oldrel-windows-ix86+x86_64