Last updated on 2025-02-22 12:50:46 CET.
Flavor | Version | Tinstall | Tcheck | Ttotal | Status | Flags |
---|---|---|---|---|---|---|
r-devel-linux-x86_64-debian-clang | 1.0.0 | 3.81 | 40.08 | 43.89 | OK | |
r-devel-linux-x86_64-debian-gcc | 1.0.0 | 2.64 | 28.37 | 31.01 | OK | |
r-devel-linux-x86_64-fedora-clang | 1.0.0 | 67.14 | OK | |||
r-devel-linux-x86_64-fedora-gcc | 1.0.0 | 64.52 | OK | |||
r-devel-macos-arm64 | 1.0.0 | 29.00 | OK | |||
r-devel-macos-x86_64 | 1.0.0 | 41.00 | OK | |||
r-devel-windows-x86_64 | 1.0.0 | 5.00 | 57.00 | 62.00 | OK | |
r-patched-linux-x86_64 | 1.0.0 | 3.93 | 37.11 | 41.04 | NOTE | |
r-release-linux-x86_64 | 1.0.0 | 3.35 | 36.74 | 40.09 | NOTE | |
r-release-macos-arm64 | 1.0.0 | 24.00 | NOTE | |||
r-release-macos-x86_64 | 1.0.0 | 34.00 | NOTE | |||
r-release-windows-x86_64 | 1.0.0 | 6.00 | 55.00 | 61.00 | NOTE | |
r-oldrel-macos-arm64 | 1.0.0 | 29.00 | NOTE | |||
r-oldrel-macos-x86_64 | 1.0.0 | 40.00 | NOTE | |||
r-oldrel-windows-x86_64 | 1.0.0 | 7.00 | 60.00 | 67.00 | NOTE |
Version: 1.0.0
Check: LazyData
Result: NOTE
'LazyData' is specified without a 'data' directory
Flavors: r-patched-linux-x86_64, r-release-linux-x86_64, r-release-macos-arm64, r-release-macos-x86_64, r-release-windows-x86_64, r-oldrel-macos-arm64, r-oldrel-macos-x86_64, r-oldrel-windows-x86_64