Last updated on 2024-04-18 06:09:57 CEST.
Flavor | Version | Tinstall | Tcheck | Ttotal | Status | Flags |
---|---|---|---|---|---|---|
r-devel-linux-x86_64-debian-clang | 0.4.14 | 8.93 | 83.27 | 92.20 | NOTE | |
r-devel-linux-x86_64-debian-gcc | 0.4.14 | 6.15 | 62.66 | 68.81 | NOTE | |
r-devel-linux-x86_64-fedora-clang | 0.4.14 | 114.69 | NOTE | |||
r-devel-linux-x86_64-fedora-gcc | 0.4.14 | 121.17 | NOTE | |||
r-prerel-macos-arm64 | 0.4.14 | 41.00 | NOTE | |||
r-prerel-windows-x86_64 | 0.4.14 | 8.00 | 80.00 | 88.00 | NOTE | |
r-patched-linux-x86_64 | 0.4.14 | 5.22 | 78.60 | 83.82 | NOTE | |
r-release-linux-x86_64 | 0.4.14 | 6.32 | 74.70 | 81.02 | OK | |
r-release-macos-arm64 | 0.4.14 | 36.00 | OK | |||
r-release-macos-x86_64 | 0.4.14 | 81.00 | OK | |||
r-release-windows-x86_64 | 0.4.14 | 11.00 | 91.00 | 102.00 | OK | |
r-oldrel-macos-arm64 | 0.4.14 | 34.00 | OK | |||
r-oldrel-windows-x86_64 | 0.4.14 | 10.00 | 93.00 | 103.00 | OK |
Version: 0.4.14
Check: Rd files
Result: NOTE
checkRd: (-1) read_awe.Rd:21: Lost braces in \itemize; meant \describe ?
checkRd: (-1) read_awe.Rd:22: Lost braces in \itemize; meant \describe ?
checkRd: (-1) read_awe.Rd:23: Lost braces in \itemize; meant \describe ?
checkRd: (-1) read_payrolls.Rd:16-17: Lost braces in \itemize; meant \describe ?
checkRd: (-1) read_payrolls.Rd:18-19: Lost braces in \itemize; meant \describe ?
checkRd: (-1) read_payrolls.Rd:20: Lost braces in \itemize; meant \describe ?
checkRd: (-1) read_payrolls.Rd:21-22: Lost braces in \itemize; meant \describe ?
checkRd: (-1) read_payrolls.Rd:23-24: Lost braces in \itemize; meant \describe ?
checkRd: (-1) read_payrolls.Rd:25-26: Lost braces in \itemize; meant \describe ?
checkRd: (-1) read_payrolls.Rd:27-28: Lost braces in \itemize; meant \describe ?
checkRd: (-1) read_payrolls.Rd:29: Lost braces in \itemize; meant \describe ?
Flavors: r-devel-linux-x86_64-debian-clang, r-devel-linux-x86_64-debian-gcc, r-devel-linux-x86_64-fedora-clang, r-devel-linux-x86_64-fedora-gcc, r-prerel-macos-arm64, r-prerel-windows-x86_64, r-patched-linux-x86_64