Last updated on 2025-02-01 12:48:37 CET.
Flavor | Version | Tinstall | Tcheck | Ttotal | Status | Flags |
---|---|---|---|---|---|---|
r-devel-linux-x86_64-debian-clang | 2.8.3 | 3.12 | 26.80 | 29.92 | NOTE | |
r-devel-linux-x86_64-debian-gcc | 2.8.3 | 2.43 | 20.86 | 23.29 | NOTE | |
r-devel-linux-x86_64-fedora-clang | 2.8.3 | 49.01 | NOTE | |||
r-devel-linux-x86_64-fedora-gcc | 2.8.3 | 45.71 | NOTE | |||
r-devel-windows-x86_64 | 2.8.3 | 4.00 | 54.00 | 58.00 | NOTE | |
r-patched-linux-x86_64 | 2.8.3 | 3.14 | 25.61 | 28.75 | NOTE | |
r-release-linux-x86_64 | 2.8.3 | 2.76 | 25.79 | 28.55 | NOTE | |
r-release-macos-arm64 | 2.8.3 | 17.00 | NOTE | |||
r-release-macos-x86_64 | 2.8.3 | 26.00 | NOTE | |||
r-release-windows-x86_64 | 2.8.3 | 3.00 | 56.00 | 59.00 | NOTE | |
r-oldrel-macos-arm64 | 2.8.3 | 21.00 | OK | |||
r-oldrel-macos-x86_64 | 2.8.3 | 45.00 | OK | |||
r-oldrel-windows-x86_64 | 2.8.3 | 4.00 | 50.00 | 54.00 | OK |
Version: 2.8.3
Check: Rd files
Result: NOTE
checkRd: (-1) readMzXmlDir.Rd:39: Lost braces in \itemize; \value handles \item{}{} directly
checkRd: (-1) readMzXmlDir.Rd:40: Lost braces in \itemize; \value handles \item{}{} directly
checkRd: (-1) readMzXmlDir.Rd:41: Lost braces in \itemize; \value handles \item{}{} directly
checkRd: (-1) readMzXmlFile.Rd:21: Lost braces in \itemize; \value handles \item{}{} directly
checkRd: (-1) readMzXmlFile.Rd:22: Lost braces in \itemize; \value handles \item{}{} directly
checkRd: (-1) readMzXmlFile.Rd:23: Lost braces in \itemize; \value handles \item{}{} directly
Flavors: r-devel-linux-x86_64-debian-clang, r-devel-linux-x86_64-debian-gcc, r-devel-linux-x86_64-fedora-clang, r-devel-linux-x86_64-fedora-gcc, r-devel-windows-x86_64, r-patched-linux-x86_64, r-release-linux-x86_64, r-release-macos-arm64, r-release-macos-x86_64, r-release-windows-x86_64