CRAN Package Check Results for Package readBrukerFlexData

Last updated on 2021-04-21 21:50:09 CEST.

Flavor Version Tinstall Tcheck Ttotal Status Flags
r-devel-linux-x86_64-debian-clang 1.8.5 2.53 23.75 26.28 OK
r-devel-linux-x86_64-debian-gcc 1.8.5 1.95 18.66 20.61 OK
r-devel-linux-x86_64-fedora-clang 1.8.5 41.39 NOTE
r-devel-linux-x86_64-fedora-gcc 1.8.5 31.80 OK
r-devel-windows-ix86+x86_64 1.8.5 6.00 36.00 42.00 OK
r-devel-windows-x86_64-gcc10-UCRT 1.8.5 OK
r-patched-linux-x86_64 1.8.5 2.86 22.81 25.67 WARN
r-patched-solaris-x86 1.8.5 46.90 OK
r-release-linux-x86_64 1.8.5 2.27 22.83 25.10 OK
r-release-macos-x86_64 1.8.5 OK
r-release-windows-ix86+x86_64 1.8.5 5.00 28.00 33.00 OK
r-oldrel-macos-x86_64 1.8.5 OK
r-oldrel-windows-ix86+x86_64 1.8.5 6.00 46.00 52.00 OK

Check Details

Version: 1.8.5
Check: Rd cross-references
Result: NOTE
    Undeclared packages ‘readMzXmlData’, ‘MALDIquantForeign’ in Rd xrefs
Flavor: r-devel-linux-x86_64-fedora-clang

Version: 1.8.5
Check: whether package can be installed
Result: WARN
    Found the following significant warnings:
     Rd warning: /tmp/Rtmpwn1rde/R.INSTALL80f2951534a/readBrukerFlexData/man/changePrecision.Rd:25: file link ‘.double2singlePrecision’ in package ‘readBrukerFlexData’ does not exist and so has been treated as a topic
     Rd warning: /tmp/Rtmpwn1rde/R.INSTALL80f2951534a/readBrukerFlexData/man/cpSpecHpcMzXml.Rd:18: file link ‘.hpc’ in package ‘readBrukerFlexData’ does not exist and so has been treated as a topic
     Rd warning: /tmp/Rtmpwn1rde/R.INSTALL80f2951534a/readBrukerFlexData/man/cpSpecHpcMzXml.Rd:21: file link ‘.hpc’ in package ‘readBrukerFlexData’ does not exist and so has been treated as a topic
     Rd warning: /tmp/Rtmpwn1rde/R.INSTALL80f2951534a/readBrukerFlexData/man/double2singlePrecision.Rd:51: file link ‘.changePrecision’ in package ‘readBrukerFlexData’ does not exist and so has been treated as a topic
     Rd warning: /tmp/Rtmpwn1rde/R.INSTALL80f2951534a/readBrukerFlexData/man/double2singlePrecision.Rd:52: file link ‘.hpc’ in package ‘readBrukerFlexData’ does not exist and so has been treated as a topic
     Rd warning: /tmp/Rtmpwn1rde/R.INSTALL80f2951534a/readBrukerFlexData/man/extractHPCConstants.Rd:38: file link ‘.hpc’ in package ‘readBrukerFlexData’ does not exist and so has been treated as a topic
     Rd warning: /tmp/Rtmpwn1rde/R.INSTALL80f2951534a/readBrukerFlexData/man/grepAcquDoubleValue.Rd:21: file link ‘.grepAcquValue’ in package ‘readBrukerFlexData’ does not exist and so has been treated as a topic
     Rd warning: /tmp/Rtmpwn1rde/R.INSTALL80f2951534a/readBrukerFlexData/man/grepAcquDoubleValue.Rd:22: file link ‘.readAcquFile’ in package ‘readBrukerFlexData’ does not exist and so has been treated as a topic
     Rd warning: /tmp/Rtmpwn1rde/R.INSTALL80f2951534a/readBrukerFlexData/man/grepAcquValue.Rd:21: file link ‘.grepAcquDoubleValue’ in package ‘readBrukerFlexData’ does not exist and so has been treated as a topic
     Rd warning: /tmp/Rtmpwn1rde/R.INSTALL80f2951534a/readBrukerFlexData/man/grepAcquValue.Rd:22: file link ‘.readAcquFile’ in package ‘readBrukerFlexData’ does not exist and so has been treated as a topic
     Rd warning: /tmp/Rtmpwn1rde/R.INSTALL80f2951534a/readBrukerFlexData/man/hpc.Rd:20: file link ‘.extractHPCConstants’ in package ‘readBrukerFlexData’ does not exist and so has been treated as a topic
     Rd warning: /tmp/Rtmpwn1rde/R.INSTALL80f2951534a/readBrukerFlexData/man/hpc.Rd:120: file link ‘.double2singlePrecision’ in package ‘readBrukerFlexData’ does not exist and so has been treated as a topic
     Rd warning: /tmp/Rtmpwn1rde/R.INSTALL80f2951534a/readBrukerFlexData/man/readBrukerFlexDir.Rd:24: file link ‘.hpc’ in package ‘readBrukerFlexData’ does not exist and so has been treated as a topic
     Rd warning: /tmp/Rtmpwn1rde/R.INSTALL80f2951534a/readBrukerFlexData/man/readBrukerFlexDir.Rd:81: file link ‘.hpc’ in package ‘readBrukerFlexData’ does not exist and so has been treated as a topic
     Rd warning: /tmp/Rtmpwn1rde/R.INSTALL80f2951534a/readBrukerFlexData/man/readBrukerFlexFile.Rd:20: file link ‘.hpc’ in package ‘readBrukerFlexData’ does not exist and so has been treated as a topic
     Rd warning: /tmp/Rtmpwn1rde/R.INSTALL80f2951534a/readBrukerFlexData/man/readBrukerFlexFile.Rd:171: file link ‘.hpc’ in package ‘readBrukerFlexData’ does not exist and so has been treated as a topic
     Rd warning: /tmp/Rtmpwn1rde/R.INSTALL80f2951534a/readBrukerFlexData/man/readFidFile.Rd:27: file link ‘.readAcquFile’ in package ‘readBrukerFlexData’ does not exist and so has been treated as a topic
     Rd warning: /tmp/Rtmpwn1rde/R.INSTALL80f2951534a/readBrukerFlexData/man/sampleName.Rd:31: file link ‘.readAcquFile’ in package ‘readBrukerFlexData’ does not exist and so has been treated as a topic
Flavor: r-patched-linux-x86_64