CRAN Package Check Results for Package reactablefmtr

Last updated on 2022-09-28 12:55:26 CEST.

Flavor Version Tinstall Tcheck Ttotal Status Flags
r-devel-linux-x86_64-debian-clang 2.0.0 10.19 105.02 115.21 NOTE
r-devel-linux-x86_64-debian-gcc 2.0.0 8.21 77.38 85.59 NOTE
r-devel-linux-x86_64-fedora-clang 2.0.0 161.56 NOTE
r-devel-linux-x86_64-fedora-gcc 2.0.0 152.21 NOTE
r-devel-windows-x86_64 2.0.0 72.00 145.00 217.00 NOTE
r-patched-linux-x86_64 2.0.0 11.31 98.77 110.08 NOTE
r-release-linux-x86_64 2.0.0 8.16 97.39 105.55 NOTE
r-release-macos-arm64 2.0.0 35.00 NOTE
r-release-macos-x86_64 2.0.0 68.00 NOTE
r-release-windows-x86_64 2.0.0 83.00 133.00 216.00 NOTE
r-oldrel-macos-arm64 2.0.0 36.00 NOTE
r-oldrel-macos-x86_64 2.0.0 50.00 NOTE
r-oldrel-windows-ix86+x86_64 2.0.0 18.00 136.00 154.00 NOTE

Check Details

Version: 2.0.0
Check: package dependencies
Result: NOTE
    Package suggested but not available for checking: 'dataui'
Flavors: r-devel-linux-x86_64-debian-clang, r-devel-linux-x86_64-debian-gcc, r-devel-linux-x86_64-fedora-clang, r-devel-linux-x86_64-fedora-gcc, r-devel-windows-x86_64, r-patched-linux-x86_64, r-release-linux-x86_64, r-release-macos-arm64, r-release-macos-x86_64, r-release-windows-x86_64, r-oldrel-macos-arm64, r-oldrel-macos-x86_64, r-oldrel-windows-ix86+x86_64