CRAN Package Check Results for Package re2

Last updated on 2022-10-01 05:51:31 CEST.

Flavor Version Tinstall Tcheck Ttotal Status Flags
r-devel-linux-x86_64-debian-clang 0.1.2 183.77 38.94 222.71 NOTE
r-devel-linux-x86_64-debian-gcc 0.1.2 139.32 30.30 169.62 NOTE
r-devel-linux-x86_64-fedora-clang 0.1.2 380.02 NOTE
r-devel-linux-x86_64-fedora-gcc 0.1.2 298.59 NOTE
r-devel-windows-x86_64 0.1.2 171.00 109.00 280.00 NOTE
r-patched-linux-x86_64 0.1.2 152.45 36.51 188.96 OK
r-release-linux-x86_64 0.1.2 149.42 35.83 185.25 OK
r-release-macos-arm64 0.1.2 86.00 NOTE
r-release-macos-x86_64 0.1.2 98.00 NOTE
r-release-windows-x86_64 0.1.2 169.00 98.00 267.00 OK
r-oldrel-macos-arm64 0.1.2 88.00 NOTE
r-oldrel-macos-x86_64 0.1.2 96.00 NOTE
r-oldrel-windows-ix86+x86_64 0.1.2 447.00 93.00 540.00 OK

Check Details

Version: 0.1.2
Check: Rd files
Result: NOTE
    checkRd: (-1) re2_syntax.Rd:539: Escaped LaTeX specials: \_
Flavors: r-devel-linux-x86_64-debian-clang, r-devel-linux-x86_64-debian-gcc, r-devel-linux-x86_64-fedora-clang, r-devel-linux-x86_64-fedora-gcc, r-devel-windows-x86_64

Version: 0.1.2
Check: installed package size
Result: NOTE
     installed size is 9.2Mb
     sub-directories of 1Mb or more:
     libs 8.9Mb
Flavors: r-release-macos-arm64, r-release-macos-x86_64, r-oldrel-macos-arm64, r-oldrel-macos-x86_64