CRAN Package Check Results for Package rdtLite

Last updated on 2024-02-23 12:51:54 CET.

Flavor Version Tinstall Tcheck Ttotal Status Flags
r-devel-linux-x86_64-debian-clang 1.4 OK
r-devel-linux-x86_64-debian-gcc 1.4 6.28 34.96 41.24 OK
r-devel-linux-x86_64-fedora-clang 1.4 66.52 NOTE
r-devel-linux-x86_64-fedora-gcc 1.4 81.92 NOTE
r-devel-windows-x86_64 1.4 8.00 53.00 61.00 OK
r-patched-linux-x86_64 1.4 6.68 44.24 50.92 OK
r-release-linux-x86_64 1.4 5.26 43.76 49.02 OK
r-release-macos-arm64 1.4 30.00 OK
r-release-macos-x86_64 1.4 44.00 OK
r-release-windows-x86_64 1.4 9.00 58.00 67.00 OK
r-oldrel-macos-arm64 1.4 23.00 NOTE
r-oldrel-windows-x86_64 1.4 9.00 59.00 68.00 OK

Check Details

Version: 1.4
Check: dependencies in R code
Result: NOTE Namespace in Imports field not imported from: ‘gtools’ All declared Imports should be used. Flavors: r-devel-linux-x86_64-fedora-clang, r-devel-linux-x86_64-fedora-gcc, r-oldrel-macos-arm64