Last updated on 2023-03-28 21:54:07 CEST.
Flavor | Version | Tinstall | Tcheck | Ttotal | Status | Flags |
---|---|---|---|---|---|---|
r-devel-linux-x86_64-debian-clang | 1.4 | 5.89 | 44.34 | 50.23 | OK | |
r-devel-linux-x86_64-debian-gcc | 1.4 | 6.60 | 33.89 | 40.49 | OK | |
r-devel-linux-x86_64-fedora-clang | 1.4 | 65.08 | NOTE | |||
r-devel-linux-x86_64-fedora-gcc | 1.4 | 72.31 | NOTE | |||
r-patched-linux-x86_64 | 1.4 | 5.19 | 42.63 | 47.82 | OK | |
r-release-linux-x86_64 | 1.4 | 7.92 | 44.96 | 52.88 | OK | |
r-release-macos-arm64 | 1.4 | 23.00 | NOTE | |||
r-release-macos-x86_64 | 1.4 | 32.00 | NOTE | |||
r-release-windows-x86_64 | 1.4 | 56.00 | 86.00 | 142.00 | OK | |
r-oldrel-macos-arm64 | 1.4 | 23.00 | NOTE | |||
r-oldrel-macos-x86_64 | 1.4 | 32.00 | NOTE | |||
r-oldrel-windows-ix86+x86_64 | 1.4 | 13.00 | 67.00 | 80.00 | NOTE |
Version: 1.4
Check: dependencies in R code
Result: NOTE
Namespace in Imports field not imported from: ‘gtools’
All declared Imports should be used.
Flavors: r-devel-linux-x86_64-fedora-clang, r-devel-linux-x86_64-fedora-gcc, r-release-macos-arm64, r-release-macos-x86_64, r-oldrel-macos-arm64, r-oldrel-macos-x86_64
Version: 1.4
Check: dependencies in R code
Result: NOTE
Initiating curl with CURL_SSL_BACKEND: openssl
Flavor: r-oldrel-windows-ix86+x86_64