CRAN Package Check Results for Package rdrop2

Last updated on 2022-09-28 12:55:26 CEST.

Flavor Version Tinstall Tcheck Ttotal Status Flags
r-devel-linux-x86_64-debian-clang 0.8.2.1 3.10 30.66 33.76 NOTE
r-devel-linux-x86_64-debian-gcc 0.8.2.1 2.26 23.67 25.93 NOTE
r-devel-linux-x86_64-fedora-clang 0.8.2.1 53.57 NOTE
r-devel-linux-x86_64-fedora-gcc 0.8.2.1 49.62 NOTE
r-devel-windows-x86_64 0.8.2.1 18.00 62.00 80.00 NOTE
r-patched-linux-x86_64 0.8.2.1 1.96 29.07 31.03 NOTE
r-release-linux-x86_64 0.8.2.1 1.90 28.45 30.35 NOTE
r-release-macos-arm64 0.8.2.1 21.00 NOTE
r-release-macos-x86_64 0.8.2.1 29.00 NOTE
r-release-windows-x86_64 0.8.2.1 13.00 57.00 70.00 NOTE
r-oldrel-macos-arm64 0.8.2.1 18.00 NOTE
r-oldrel-macos-x86_64 0.8.2.1 30.00 NOTE
r-oldrel-windows-ix86+x86_64 0.8.2.1 7.00 56.00 63.00 NOTE

Check Details

Version: 0.8.2.1
Check: LazyData
Result: NOTE
     'LazyData' is specified without a 'data' directory
Flavors: r-devel-linux-x86_64-debian-clang, r-devel-linux-x86_64-debian-gcc, r-devel-linux-x86_64-fedora-clang, r-devel-linux-x86_64-fedora-gcc, r-devel-windows-x86_64, r-patched-linux-x86_64, r-release-linux-x86_64, r-release-macos-arm64, r-release-macos-x86_64, r-release-windows-x86_64, r-oldrel-macos-arm64, r-oldrel-macos-x86_64, r-oldrel-windows-ix86+x86_64