CRAN Package Check Results for Package rdrop2

Last updated on 2023-09-22 21:54:56 CEST.

Flavor Version Tinstall Tcheck Ttotal Status Flags
r-devel-linux-x86_64-debian-clang 0.8.2.1 3.20 31.28 34.48 NOTE
r-devel-linux-x86_64-debian-gcc 0.8.2.1 1.64 23.66 25.30 NOTE
r-devel-linux-x86_64-fedora-clang 0.8.2.1 43.49 NOTE
r-devel-linux-x86_64-fedora-gcc 0.8.2.1 40.35 NOTE
r-devel-windows-x86_64 0.8.2.1 6.00 50.00 56.00 NOTE
r-patched-linux-x86_64 0.8.2.1 3.65 29.77 33.42 NOTE
r-release-linux-x86_64 0.8.2.1 2.65 29.91 32.56 NOTE
r-release-macos-arm64 0.8.2.1 17.00 NOTE
r-release-macos-x86_64 0.8.2.1 26.00 NOTE
r-release-windows-x86_64 0.8.2.1 5.00 50.00 55.00 NOTE
r-oldrel-macos-arm64 0.8.2.1 21.00 NOTE
r-oldrel-macos-x86_64 0.8.2.1 29.00 NOTE
r-oldrel-windows-x86_64 0.8.2.1 6.00 49.00 55.00 NOTE

Check Details

Version: 0.8.2.1
Check: LazyData
Result: NOTE
     'LazyData' is specified without a 'data' directory
Flavors: r-devel-linux-x86_64-debian-clang, r-devel-linux-x86_64-debian-gcc, r-devel-linux-x86_64-fedora-clang, r-devel-linux-x86_64-fedora-gcc, r-devel-windows-x86_64, r-patched-linux-x86_64, r-release-linux-x86_64, r-release-macos-arm64, r-release-macos-x86_64, r-release-windows-x86_64, r-oldrel-macos-arm64, r-oldrel-macos-x86_64, r-oldrel-windows-x86_64