CRAN Package Check Results for Package rdoc

Last updated on 2020-06-07 06:46:56 CEST.

Flavor Version Tinstall Tcheck Ttotal Status Flags
r-devel-linux-x86_64-debian-clang 0.1.0 4.05 38.89 42.94 OK
r-devel-linux-x86_64-debian-gcc 0.1.0 3.37 30.63 34.00 OK
r-devel-linux-x86_64-fedora-clang 0.1.0 60.72 NOTE
r-devel-linux-x86_64-fedora-gcc 0.1.0 50.95 NOTE
r-devel-windows-ix86+x86_64 0.1.0 15.00 51.00 66.00 OK
r-patched-linux-x86_64 0.1.0 3.88 41.94 45.82 OK
r-patched-solaris-x86 0.1.0 74.10 NOTE
r-release-linux-x86_64 0.1.0 3.88 38.35 42.23 OK
r-release-osx-x86_64 0.1.0 NOTE
r-release-windows-ix86+x86_64 0.1.0 7.00 71.00 78.00 OK
r-oldrel-osx-x86_64 0.1.0 NOTE
r-oldrel-windows-ix86+x86_64 0.1.0 9.00 48.00 57.00 OK

Check Details

Version: 0.1.0
Check: dependencies in R code
Result: NOTE
    Namespace in Imports field not imported from: ‘R6’
     All declared Imports should be used.
Flavors: r-devel-linux-x86_64-fedora-clang, r-devel-linux-x86_64-fedora-gcc, r-patched-solaris-x86, r-release-osx-x86_64, r-oldrel-osx-x86_64