CRAN Package Check Results for Package rdi

Last updated on 2024-05-24 12:58:13 CEST.

Flavor Version Tinstall Tcheck Ttotal Status Flags
r-devel-linux-x86_64-debian-clang 1.0.0 4.61 47.01 51.62 NOTE
r-devel-linux-x86_64-debian-gcc 1.0.0 3.53 34.11 37.64 NOTE
r-devel-linux-x86_64-fedora-clang 1.0.0 61.57 NOTE
r-devel-linux-x86_64-fedora-gcc 1.0.0 58.88 NOTE
r-devel-windows-x86_64 1.0.0 5.00 54.00 59.00 NOTE
r-patched-linux-x86_64 1.0.0 4.68 43.60 48.28 NOTE
r-release-linux-x86_64 1.0.0 3.48 44.47 47.95 NOTE
r-release-macos-arm64 1.0.0 19.00 NOTE
r-release-windows-x86_64 1.0.0 5.00 55.00 60.00 NOTE
r-oldrel-macos-arm64 1.0.0 21.00 NOTE
r-oldrel-macos-x86_64 1.0.0 28.00 NOTE
r-oldrel-windows-x86_64 1.0.0 6.00 60.00 66.00 NOTE

Check Details

Version: 1.0.0
Check: LazyData
Result: NOTE 'LazyData' is specified without a 'data' directory Flavors: r-devel-linux-x86_64-debian-clang, r-devel-linux-x86_64-debian-gcc, r-devel-linux-x86_64-fedora-clang, r-devel-linux-x86_64-fedora-gcc, r-devel-windows-x86_64, r-patched-linux-x86_64, r-release-linux-x86_64, r-release-macos-arm64, r-release-windows-x86_64, r-oldrel-macos-arm64, r-oldrel-macos-x86_64, r-oldrel-windows-x86_64