Last updated on 2024-04-23 21:54:55 CEST.
Flavor | Version | Tinstall | Tcheck | Ttotal | Status | Flags |
---|---|---|---|---|---|---|
r-devel-linux-x86_64-debian-clang | 0.1.4 | 11.56 | 126.97 | 138.53 | NOTE | |
r-devel-linux-x86_64-debian-gcc | 0.1.4 | 9.53 | 92.48 | 102.01 | NOTE | |
r-devel-linux-x86_64-fedora-clang | 0.1.4 | 173.28 | NOTE | |||
r-devel-linux-x86_64-fedora-gcc | 0.1.4 | 176.02 | NOTE | |||
r-prerel-macos-arm64 | 0.1.4 | 57.00 | NOTE | |||
r-prerel-windows-x86_64 | 0.1.4 | 15.00 | 153.00 | 168.00 | NOTE | |
r-patched-linux-x86_64 | 0.1.4 | 16.98 | 119.43 | 136.41 | NOTE | |
r-release-linux-x86_64 | 0.1.4 | 7.42 | 114.81 | 122.23 | NOTE | |
r-release-macos-arm64 | 0.1.4 | 55.00 | NOTE | |||
r-release-macos-x86_64 | 0.1.4 | 93.00 | NOTE | |||
r-release-windows-x86_64 | 0.1.4 | 17.00 | 173.00 | 190.00 | NOTE | |
r-oldrel-macos-arm64 | 0.1.4 | 48.00 | NOTE | |||
r-oldrel-windows-x86_64 | 0.1.4 | 16.00 | 141.00 | 157.00 | NOTE |
Version: 0.1.4
Check: LazyData
Result: NOTE
'LazyData' is specified without a 'data' directory
Flavors: r-devel-linux-x86_64-debian-clang, r-devel-linux-x86_64-debian-gcc, r-devel-linux-x86_64-fedora-clang, r-devel-linux-x86_64-fedora-gcc, r-prerel-macos-arm64, r-prerel-windows-x86_64, r-patched-linux-x86_64, r-release-linux-x86_64, r-release-macos-arm64, r-release-macos-x86_64, r-release-windows-x86_64, r-oldrel-macos-arm64, r-oldrel-windows-x86_64