CRAN Package Check Results for Package rcosmo

Last updated on 2020-06-07 12:48:38 CEST.

Flavor Version Tinstall Tcheck Ttotal Status Flags
r-devel-linux-x86_64-debian-clang 1.1.2 49.81 104.70 154.51 OK
r-devel-linux-x86_64-debian-gcc 1.1.2 39.37 80.54 119.91 OK
r-devel-linux-x86_64-fedora-clang 1.1.2 209.05 OK
r-devel-linux-x86_64-fedora-gcc 1.1.2 193.57 OK
r-devel-windows-ix86+x86_64 1.1.2 121.00 220.00 341.00 OK
r-patched-linux-x86_64 1.1.2 43.59 105.33 148.92 OK
r-patched-solaris-x86 1.1.2 213.70 OK
r-release-linux-x86_64 1.1.2 42.59 105.87 148.46 OK
r-release-osx-x86_64 1.1.2 OK
r-release-windows-ix86+x86_64 1.1.2 124.00 210.00 334.00 OK
r-oldrel-osx-x86_64 1.1.2 WARN
r-oldrel-windows-ix86+x86_64 1.1.2 117.00 144.00 261.00 OK

Check Details

Version: 1.1.2
Check: dependencies in R code
Result: NOTE
    No protocol specified
    No protocol specified
    No protocol specified
Flavor: r-oldrel-osx-x86_64

Version: 1.1.2
Check: S3 generic/method consistency
Result: WARN
    No protocol specified
    No protocol specified
    See section ‘Generic functions and methods’ in the ‘Writing R
    Extensions’ manual.
Flavor: r-oldrel-osx-x86_64

Version: 1.1.2
Check: replacement functions
Result: WARN
    No protocol specified
    No protocol specified
    The argument of a replacement function which corresponds to the right
    hand side must be named ‘value’.
Flavor: r-oldrel-osx-x86_64

Version: 1.1.2
Check: foreign function calls
Result: NOTE
    No protocol specified
    No protocol specified
    See chapter ‘System and foreign language interfaces’ in the ‘Writing R
    Extensions’ manual.
Flavor: r-oldrel-osx-x86_64

Version: 1.1.2
Check: R code for possible problems
Result: NOTE
    No protocol specified
    No protocol specified
Flavor: r-oldrel-osx-x86_64

Version: 1.1.2
Check: for missing documentation entries
Result: WARN
    No protocol specified
    No protocol specified
    All user-level objects in a package should have documentation entries.
    See chapter ‘Writing R documentation files’ in the ‘Writing R
    Extensions’ manual.
Flavor: r-oldrel-osx-x86_64

Version: 1.1.2
Check: for code/documentation mismatches
Result: WARN
    No protocol specified
    No protocol specified
    No protocol specified
    No protocol specified
    No protocol specified
    No protocol specified
Flavor: r-oldrel-osx-x86_64

Version: 1.1.2
Check: Rd \usage sections
Result: NOTE
    No protocol specified
    No protocol specified
    The \usage entries for S3 methods should use the \method markup and not
    their full name.
    See chapter ‘Writing R documentation files’ in the ‘Writing R
    Extensions’ manual.
Flavor: r-oldrel-osx-x86_64