Last updated on 2023-02-07 06:51:38 CET.
Flavor | Version | Tinstall | Tcheck | Ttotal | Status | Flags |
---|---|---|---|---|---|---|
r-devel-linux-x86_64-debian-clang | 2.0.0 | 4.07 | 25.98 | 30.05 | OK | |
r-devel-linux-x86_64-debian-gcc | 2.0.0 | 4.01 | 20.42 | 24.43 | OK | |
r-devel-linux-x86_64-fedora-clang | 2.0.0 | 38.10 | NOTE | |||
r-devel-linux-x86_64-fedora-gcc | 2.0.0 | 36.67 | OK | |||
r-devel-windows-x86_64 | 2.0.0 | 379.00 | 59.00 | 438.00 | NOTE | |
r-patched-linux-x86_64 | 2.0.0 | 5.75 | 25.26 | 31.01 | OK | |
r-release-linux-x86_64 | 2.0.0 | 4.80 | 25.35 | 30.15 | OK | |
r-release-macos-arm64 | 2.0.0 | 17.00 | NOTE | |||
r-release-macos-x86_64 | 2.0.0 | 25.00 | NOTE | |||
r-release-windows-x86_64 | 2.0.0 | 365.00 | 62.00 | 427.00 | NOTE | |
r-oldrel-macos-arm64 | 2.0.0 | 19.00 | NOTE | |||
r-oldrel-macos-x86_64 | 2.0.0 | 34.00 | NOTE | |||
r-oldrel-windows-ix86+x86_64 | 2.0.0 | 11.00 | 52.00 | 63.00 | NOTE |
Version: 2.0.0
Check: installed package size
Result: NOTE
installed size is 7.8Mb
sub-directories of 1Mb or more:
corpora 7.6Mb
Flavors: r-devel-linux-x86_64-fedora-clang, r-devel-windows-x86_64, r-release-macos-arm64, r-release-macos-x86_64, r-release-windows-x86_64, r-oldrel-macos-arm64, r-oldrel-macos-x86_64, r-oldrel-windows-ix86+x86_64