CRAN Package Check Results for Package rcarbon

Last updated on 2020-06-07 06:46:56 CEST.

Flavor Version Tinstall Tcheck Ttotal Status Flags
r-devel-linux-x86_64-debian-clang 1.3.1 15.76 105.74 121.50 OK
r-devel-linux-x86_64-debian-gcc 1.3.1 12.26 81.30 93.56 OK
r-devel-linux-x86_64-fedora-clang 1.3.1 153.03 NOTE
r-devel-linux-x86_64-fedora-gcc 1.3.1 146.27 NOTE
r-devel-windows-ix86+x86_64 1.3.1 34.00 165.00 199.00 OK
r-patched-linux-x86_64 1.3.1 16.30 104.36 120.66 OK
r-patched-solaris-x86 1.3.1 221.10 NOTE
r-release-linux-x86_64 1.3.1 15.70 105.58 121.28 OK
r-release-osx-x86_64 1.3.1 NOTE
r-release-windows-ix86+x86_64 1.3.1 40.00 158.00 198.00 OK
r-oldrel-osx-x86_64 1.3.1 NOTE
r-oldrel-windows-ix86+x86_64 1.3.1 31.00 110.00 141.00 OK

Check Details

Version: 1.3.1
Check: dependencies in R code
Result: NOTE
    Namespace in Imports field not imported from: ‘knitr’
     All declared Imports should be used.
Flavors: r-devel-linux-x86_64-fedora-clang, r-devel-linux-x86_64-fedora-gcc, r-patched-solaris-x86, r-release-osx-x86_64, r-oldrel-osx-x86_64