CRAN Package Check Results for Package rcarbon

Last updated on 2024-04-15 12:54:58 CEST.

Flavor Version Tinstall Tcheck Ttotal Status Flags
r-devel-linux-x86_64-debian-clang 1.5.1 22.61 152.26 174.87 NOTE
r-devel-linux-x86_64-debian-gcc 1.5.1 14.54 110.08 124.62 NOTE
r-devel-linux-x86_64-fedora-clang 1.5.1 209.28 NOTE
r-devel-linux-x86_64-fedora-gcc 1.5.1 210.25 NOTE
r-prerel-macos-arm64 1.5.1 63.00 NOTE
r-prerel-windows-x86_64 1.5.1 17.00 127.00 144.00 NOTE
r-patched-linux-x86_64 1.5.1 18.75 144.05 162.80 NOTE
r-release-linux-x86_64 1.5.1 14.30 142.76 157.06 OK
r-release-macos-arm64 1.5.1 81.00 OK
r-release-macos-x86_64 1.5.1 130.00 OK
r-release-windows-x86_64 1.5.1 23.00 154.00 177.00 OK
r-oldrel-macos-arm64 1.5.1 75.00 OK
r-oldrel-windows-x86_64 1.5.1 24.00 148.00 172.00 OK

Check Details

Version: 1.5.1
Check: Rd files
Result: NOTE checkRd: (-1) calibrate.Rd:82: Lost braces in \itemize; \value handles \item{}{} directly checkRd: (-1) calibrate.Rd:83: Lost braces in \itemize; \value handles \item{}{} directly checkRd: (-1) calibrate.Rd:84: Lost braces in \itemize; \value handles \item{}{} directly checkRd: (-1) ckde.Rd:21: Lost braces in \itemize; \value handles \item{}{} directly checkRd: (-1) ckde.Rd:22: Lost braces in \itemize; \value handles \item{}{} directly checkRd: (-1) modelTest.Rd:80: Lost braces in \itemize; \value handles \item{}{} directly checkRd: (-1) modelTest.Rd:81: Lost braces in \itemize; \value handles \item{}{} directly checkRd: (-1) modelTest.Rd:82: Lost braces in \itemize; \value handles \item{}{} directly checkRd: (-1) modelTest.Rd:83: Lost braces in \itemize; \value handles \item{}{} directly checkRd: (-1) modelTest.Rd:84: Lost braces in \itemize; \value handles \item{}{} directly checkRd: (-1) modelTest.Rd:85: Lost braces in \itemize; \value handles \item{}{} directly checkRd: (-1) modelTest.Rd:86: Lost braces in \itemize; \value handles \item{}{} directly checkRd: (-1) modelTest.Rd:87: Lost braces in \itemize; \value handles \item{}{} directly checkRd: (-1) modelTest.Rd:88: Lost braces in \itemize; \value handles \item{}{} directly checkRd: (-1) modelTest.Rd:89: Lost braces in \itemize; \value handles \item{}{} directly checkRd: (-1) modelTest.Rd:90: Lost braces in \itemize; \value handles \item{}{} directly checkRd: (-1) modelTest.Rd:91: Lost braces in \itemize; \value handles \item{}{} directly checkRd: (-1) permTest.Rd:50: Lost braces in \itemize; \value handles \item{}{} directly checkRd: (-1) permTest.Rd:51: Lost braces in \itemize; \value handles \item{}{} directly checkRd: (-1) permTest.Rd:52: Lost braces in \itemize; \value handles \item{}{} directly checkRd: (-1) sampleDates.Rd:23: Lost braces in \itemize; \value handles \item{}{} directly checkRd: (-1) sampleDates.Rd:24: Lost braces in \itemize; \value handles \item{}{} directly checkRd: (-1) spd.Rd:38: Lost braces in \itemize; \value handles \item{}{} directly checkRd: (-1) spd.Rd:39: Lost braces in \itemize; \value handles \item{}{} directly checkRd: (-1) spkde.Rd:66: Lost braces in \itemize; \value handles \item{}{} directly checkRd: (-1) spkde.Rd:67: Lost braces in \itemize; \value handles \item{}{} directly checkRd: (-1) spkde.Rd:68: Lost braces in \itemize; \value handles \item{}{} directly checkRd: (-1) spkde.Rd:69: Lost braces in \itemize; \value handles \item{}{} directly checkRd: (-1) stkde.Rd:63: Lost braces in \itemize; \value handles \item{}{} directly checkRd: (-1) stkde.Rd:64: Lost braces in \itemize; \value handles \item{}{} directly checkRd: (-1) stkde.Rd:65: Lost braces in \itemize; \value handles \item{}{} directly checkRd: (-1) stkde.Rd:66: Lost braces in \itemize; \value handles \item{}{} directly Flavors: r-devel-linux-x86_64-debian-clang, r-devel-linux-x86_64-debian-gcc, r-devel-linux-x86_64-fedora-clang, r-devel-linux-x86_64-fedora-gcc, r-prerel-macos-arm64, r-prerel-windows-x86_64, r-patched-linux-x86_64