Last updated on 2023-03-21 12:50:46 CET.
Flavor | Version | Tinstall | Tcheck | Ttotal | Status | Flags |
---|---|---|---|---|---|---|
r-devel-linux-x86_64-debian-clang | 0.1.0 | 2.83 | 30.93 | 33.76 | NOTE | |
r-devel-linux-x86_64-debian-gcc | 0.1.0 | 2.12 | 23.28 | 25.40 | NOTE | |
r-devel-linux-x86_64-fedora-clang | 0.1.0 | 42.81 | NOTE | |||
r-devel-linux-x86_64-fedora-gcc | 0.1.0 | 38.95 | NOTE | |||
r-patched-linux-x86_64 | 0.1.0 | 2.84 | 31.61 | 34.45 | NOTE | |
r-release-linux-x86_64 | 0.1.0 | 2.18 | 31.48 | 33.66 | NOTE | |
r-release-macos-arm64 | 0.1.0 | 17.00 | NOTE | |||
r-release-macos-x86_64 | 0.1.0 | 24.00 | NOTE | |||
r-release-windows-x86_64 | 0.1.0 | 7.00 | 67.00 | 74.00 | NOTE | |
r-oldrel-macos-arm64 | 0.1.0 | 22.00 | NOTE | |||
r-oldrel-macos-x86_64 | 0.1.0 | 27.00 | NOTE | |||
r-oldrel-windows-ix86+x86_64 | 0.1.0 | 7.00 | 55.00 | 62.00 | NOTE |
Version: 0.1.0
Check: LazyData
Result: NOTE
'LazyData' is specified without a 'data' directory
Flavors: r-devel-linux-x86_64-debian-clang, r-devel-linux-x86_64-debian-gcc, r-devel-linux-x86_64-fedora-clang, r-devel-linux-x86_64-fedora-gcc, r-patched-linux-x86_64, r-release-linux-x86_64, r-release-macos-arm64, r-release-macos-x86_64, r-release-windows-x86_64, r-oldrel-macos-arm64, r-oldrel-macos-x86_64, r-oldrel-windows-ix86+x86_64