Last updated on 2023-03-27 03:53:51 CEST.
Flavor | Version | Tinstall | Tcheck | Ttotal | Status | Flags |
---|---|---|---|---|---|---|
r-devel-linux-x86_64-debian-clang | 0.5.2 | 15.38 | 137.90 | 153.28 | OK | |
r-devel-linux-x86_64-debian-gcc | 0.5.2 | 13.35 | 101.14 | 114.49 | OK | |
r-devel-linux-x86_64-fedora-clang | 0.5.2 | 198.25 | OK | |||
r-devel-linux-x86_64-fedora-gcc | 0.5.2 | 199.04 | OK | |||
r-patched-linux-x86_64 | 0.5.2 | 19.57 | 129.52 | 149.09 | OK | |
r-release-linux-x86_64 | 0.5.2 | 12.37 | 120.45 | 132.82 | OK | |
r-release-macos-arm64 | 0.5.2 | 46.00 | OK | |||
r-release-macos-x86_64 | 0.5.2 | 87.00 | OK | |||
r-release-windows-x86_64 | 0.5.2 | 156.00 | 180.00 | 336.00 | OK | |
r-oldrel-macos-arm64 | 0.5.2 | 58.00 | OK | |||
r-oldrel-macos-x86_64 | 0.5.2 | 66.00 | OK | |||
r-oldrel-windows-ix86+x86_64 | 0.5.2 | 31.00 | 160.00 | 191.00 | NOTE |
Version: 0.5.2
Check: R code for possible problems
Result: NOTE
Initiating curl with CURL_SSL_BACKEND: openssl
Flavor: r-oldrel-windows-ix86+x86_64