Last updated on 2023-03-21 12:50:46 CET.
Flavor | Version | Tinstall | Tcheck | Ttotal | Status | Flags |
---|---|---|---|---|---|---|
r-devel-linux-x86_64-debian-clang | 0.9-5 | 4.56 | 44.71 | 49.27 | NOTE | |
r-devel-linux-x86_64-debian-gcc | 0.9-5 | 5.03 | 34.26 | 39.29 | NOTE | |
r-devel-linux-x86_64-fedora-clang | 0.9-5 | 64.73 | NOTE | |||
r-devel-linux-x86_64-fedora-gcc | 0.9-5 | 59.56 | NOTE | |||
r-patched-linux-x86_64 | 0.9-5 | 5.59 | 42.29 | 47.88 | OK | |
r-release-linux-x86_64 | 0.9-5 | 6.84 | 43.19 | 50.03 | OK | |
r-release-macos-arm64 | 0.9-5 | 19.00 | OK | |||
r-release-macos-x86_64 | 0.9-5 | 29.00 | OK | |||
r-release-windows-x86_64 | 0.9-5 | 33.00 | 83.00 | 116.00 | OK | |
r-oldrel-macos-arm64 | 0.9-5 | 20.00 | OK | |||
r-oldrel-macos-x86_64 | 0.9-5 | 29.00 | OK | |||
r-oldrel-windows-ix86+x86_64 | 0.9-5 | 11.00 | 67.00 | 78.00 | OK |
Version: 0.9-5
Check: Rd files
Result: NOTE
checkRd: (-1) mn4joint1condi.Rd:39: Escaped LaTeX specials: \$
checkRd: (-1) mn4joint1condi.Rd:40: Escaped LaTeX specials: \$
checkRd: (-1) objets.Rd:66: Escaped LaTeX specials: \#
Flavors: r-devel-linux-x86_64-debian-clang, r-devel-linux-x86_64-debian-gcc, r-devel-linux-x86_64-fedora-clang, r-devel-linux-x86_64-fedora-gcc