Last updated on 2025-02-08 06:48:47 CET.
Flavor | Version | Tinstall | Tcheck | Ttotal | Status | Flags |
---|---|---|---|---|---|---|
r-devel-linux-x86_64-debian-clang | 1.3.1 | 10.79 | 319.14 | 329.93 | NOTE | |
r-devel-linux-x86_64-debian-gcc | 1.3.1 | 6.50 | 254.86 | 261.36 | NOTE | |
r-devel-linux-x86_64-fedora-clang | 1.4.0 | 285.20 | OK | |||
r-devel-linux-x86_64-fedora-gcc | 1.4.0 | 192.90 | ERROR | |||
r-devel-windows-x86_64 | 1.4.0 | 14.00 | 332.00 | 346.00 | OK | |
r-patched-linux-x86_64 | 1.3.1 | 12.35 | 358.78 | 371.13 | OK | |
r-release-linux-x86_64 | 1.3.1 | 9.40 | 357.85 | 367.25 | OK | |
r-release-macos-arm64 | 1.4.0 | 154.00 | OK | |||
r-release-macos-x86_64 | 1.4.0 | 352.00 | OK | |||
r-release-windows-x86_64 | 1.3.1 | 13.00 | 245.00 | 258.00 | OK | |
r-oldrel-macos-arm64 | 1.3.1 | 139.00 | OK | |||
r-oldrel-macos-x86_64 | 1.3.1 | 289.00 | OK | |||
r-oldrel-windows-x86_64 | 1.4.0 | 15.00 | 355.00 | 370.00 | OK |
Version: 1.3.1
Check: DESCRIPTION meta-information
Result: NOTE
Missing dependency on R >= 4.1.0 because package code uses the pipe
|> or function shorthand \(...) syntax added in R 4.1.0.
File(s) using such syntax:
‘analyse.R’ ‘lsmeans.R’
Flavors: r-devel-linux-x86_64-debian-clang, r-devel-linux-x86_64-debian-gcc
Version: 1.4.0
Check: tests
Result: ERROR
Running ‘testthat.R’ [98s/116s]
Running the tests in ‘tests/testthat.R’ failed.
Complete output:
> library(testthat)
> library(rbmi)
>
> test_check("rbmi")
mmrm() registered as emmeans extension
[ FAIL 4 | WARN 0 | SKIP 15 | PASS 1261 ]
══ Skipped tests (15) ══════════════════════════════════════════════════════════
• On CRAN (1): 'test-mmrm.R:337:5'
• is_full_test() is not TRUE (14): 'test-draws.R:115:5',
'test-fullusage.R:43:5', 'test-fullusage.R:117:5', 'test-fullusage.R:209:5',
'test-fullusage.R:300:5', 'test-fullusage.R:431:5', 'test-fullusage.R:520:5',
'test-fullusage.R:675:5', 'test-mcmc.R:327:5', 'test-mcmc.R:504:5',
'test-mcmc.R:635:5', 'test-parallel.R:8:5', 'test-reproducibility.R:9:5',
'test-reproducibility.R:135:5'
══ Failed tests ════════════════════════════════════════════════════════════════
── Error ('test-draws.R:144:9'): bayes ─────────────────────────────────────────
Error in `fit_mcmc(designmat = model_df_scaled[, -1, drop = FALSE], outcome = model_df_scaled[,
1, drop = TRUE], group = data2[[vars$group]], visit = data2[[vars$visit]],
subjid = data2[[vars$subjid]], method = method, quiet = quiet)`: unable to load shared object '/tmp/RtmpwEruMe/working_dir/RtmpUrjMTN/file3b0ba11ad37fc7.so':
libunwind.so.1: cannot open shared object file: No such file or directory
Backtrace:
▆
1. ├─base::suppressWarnings(...) at test-draws.R:143:5
2. │ └─base::withCallingHandlers(...)
3. ├─rbmi::draws(d$dat, d$dat_ice, d$vars, meth, quiet = TRUE) at test-draws.R:144:9
4. └─rbmi:::draws.bayes(d$dat, d$dat_ice, d$vars, meth, quiet = TRUE)
5. └─rbmi:::fit_mcmc(...)
── Error ('test-mcmc.R:108:13'): Verbose suppression works ─────────────────────
Error in `fit_mcmc(designmat = model_df_scaled[, -1, drop = FALSE], outcome = model_df_scaled[,
1, drop = TRUE], group = data2[[vars$group]], visit = data2[[vars$visit]],
subjid = data2[[vars$subjid]], method = method, quiet = quiet)`: unable to load shared object '/tmp/RtmpwEruMe/working_dir/RtmpUrjMTN/file3b0ba11dce7784.so':
libunwind.so.1: cannot open shared object file: No such file or directory
Backtrace:
▆
1. ├─base::suppressWarnings(...) at test-mcmc.R:106:5
2. │ └─base::withCallingHandlers(...)
3. ├─utils::capture.output(...) at test-mcmc.R:107:9
4. │ └─base::withVisible(...elt(i))
5. ├─rbmi::draws(...) at test-mcmc.R:108:13
6. └─rbmi:::draws.bayes(...)
7. └─rbmi:::fit_mcmc(...)
── Error ('test-print.R:102:9'): print - bayesian ──────────────────────────────
Error in `fit_mcmc(designmat = model_df_scaled[, -1, drop = FALSE], outcome = model_df_scaled[,
1, drop = TRUE], group = data2[[vars$group]], visit = data2[[vars$visit]],
subjid = data2[[vars$subjid]], method = method, quiet = quiet)`: unable to load shared object '/tmp/RtmpwEruMe/working_dir/RtmpUrjMTN/file3b0ba172668973.so':
libunwind.so.1: cannot open shared object file: No such file or directory
Backtrace:
▆
1. ├─base::suppressWarnings(...) at test-print.R:101:5
2. │ └─base::withCallingHandlers(...)
3. ├─rbmi::draws(...) at test-print.R:102:9
4. └─rbmi:::draws.bayes(...)
5. └─rbmi:::fit_mcmc(...)
── Error ('test-reproducibility.R:123:9'): bayes - set.seed produces identical results ──
Error in `fit_mcmc(designmat = model_df_scaled[, -1, drop = FALSE], outcome = model_df_scaled[,
1, drop = TRUE], group = data2[[vars$group]], visit = data2[[vars$visit]],
subjid = data2[[vars$subjid]], method = method, quiet = quiet)`: unable to load shared object '/tmp/RtmpwEruMe/working_dir/RtmpUrjMTN/file3b0ba141a245d3.so':
libunwind.so.1: cannot open shared object file: No such file or directory
Backtrace:
▆
1. ├─base::suppressWarnings(...) at test-reproducibility.R:122:5
2. │ └─base::withCallingHandlers(...)
3. ├─rbmi::draws(dat, dat_ice, vars, meth, quiet = TRUE) at test-reproducibility.R:123:9
4. └─rbmi:::draws.bayes(dat, dat_ice, vars, meth, quiet = TRUE)
5. └─rbmi:::fit_mcmc(...)
[ FAIL 4 | WARN 0 | SKIP 15 | PASS 1261 ]
Error: Test failures
Execution halted
Flavor: r-devel-linux-x86_64-fedora-gcc