CRAN Package Check Results for Package rbmi

Last updated on 2022-09-27 12:53:00 CEST.

Flavor Version Tinstall Tcheck Ttotal Status Flags
r-devel-linux-x86_64-debian-clang 1.1.4 157.63 467.04 624.67 NOTE
r-devel-linux-x86_64-debian-gcc 1.1.4 138.52 356.12 494.64 NOTE
r-devel-linux-x86_64-fedora-clang 1.1.4 771.96 NOTE
r-devel-linux-x86_64-fedora-gcc 1.1.4 796.00 NOTE
r-devel-windows-x86_64 1.1.4 157.00 560.00 717.00 NOTE
r-patched-linux-x86_64 1.1.4 153.52 449.69 603.21 NOTE
r-release-linux-x86_64 1.1.4 117.58 447.27 564.85 NOTE
r-release-macos-arm64 1.1.4 182.00 NOTE
r-release-macos-x86_64 1.1.4 310.00 NOTE
r-release-windows-x86_64 1.1.4 315.00 579.00 894.00 NOTE
r-oldrel-macos-arm64 1.1.4 184.00 NOTE
r-oldrel-macos-x86_64 1.1.4 303.00 NOTE
r-oldrel-windows-ix86+x86_64 1.1.4 345.00 950.00 1295.00 NOTE

Check Details

Version: 1.1.4
Check: for GNU extensions in Makefiles
Result: NOTE
    GNU make is a SystemRequirements.
Flavors: r-devel-linux-x86_64-debian-clang, r-devel-linux-x86_64-debian-gcc, r-devel-linux-x86_64-fedora-clang, r-devel-linux-x86_64-fedora-gcc, r-devel-windows-x86_64, r-patched-linux-x86_64, r-release-linux-x86_64, r-release-macos-arm64, r-release-macos-x86_64, r-release-windows-x86_64, r-oldrel-macos-arm64, r-oldrel-macos-x86_64, r-oldrel-windows-ix86+x86_64

Version: 1.1.4
Check: dependencies in R code
Result: NOTE
    Namespaces in Imports field not imported from:
     ‘RcppParallel’ ‘rstantools’
     All declared Imports should be used.
Flavors: r-devel-linux-x86_64-fedora-clang, r-devel-linux-x86_64-fedora-gcc, r-release-macos-arm64, r-release-macos-x86_64, r-oldrel-macos-arm64, r-oldrel-macos-x86_64

Version: 1.1.4
Check: installed package size
Result: NOTE
     installed size is 40.6Mb
     sub-directories of 1Mb or more:
     libs 39.4Mb
Flavors: r-release-macos-arm64, r-release-macos-x86_64, r-oldrel-macos-arm64, r-oldrel-macos-x86_64, r-oldrel-windows-ix86+x86_64