Last updated on 2022-05-25 05:53:47 CEST.
Flavor | Version | Tinstall | Tcheck | Ttotal | Status | Flags |
---|---|---|---|---|---|---|
r-devel-linux-x86_64-debian-clang | 1.1-0 | 406.10 | 208.33 | 614.43 | NOTE | |
r-devel-linux-x86_64-debian-gcc | 1.1-0 | 331.87 | 167.45 | 499.32 | NOTE | |
r-devel-linux-x86_64-fedora-clang | 1.1-0 | 813.18 | NOTE | |||
r-devel-linux-x86_64-fedora-gcc | 1.1-0 | 803.41 | NOTE | |||
r-devel-windows-x86_64 | 1.1-0 | 262.00 | 346.00 | 608.00 | NOTE | |
r-patched-linux-x86_64 | 1.1-0 | 261.63 | 220.48 | 482.11 | NOTE | |
r-release-linux-x86_64 | 1.1-0 | ERROR | ||||
r-release-macos-arm64 | 1.1-0 | 213.00 | NOTE | |||
r-release-macos-x86_64 | 1.1-0 | 466.00 | NOTE | |||
r-release-windows-x86_64 | 1.1-0 | 267.00 | 298.00 | 565.00 | NOTE | |
r-oldrel-macos-arm64 | 1.1-0 | 165.00 | NOTE | |||
r-oldrel-macos-x86_64 | 1.1-0 | 271.00 | NOTE | |||
r-oldrel-windows-ix86+x86_64 | 1.1-0 | 682.00 | 10.00 | 692.00 | ERROR |
Version: 1.1-0
Check: for GNU extensions in Makefiles
Result: NOTE
GNU make is a SystemRequirements.
Flavors: r-devel-linux-x86_64-debian-clang, r-devel-linux-x86_64-debian-gcc, r-devel-linux-x86_64-fedora-clang, r-devel-linux-x86_64-fedora-gcc, r-devel-windows-x86_64, r-patched-linux-x86_64, r-release-macos-arm64, r-release-macos-x86_64, r-release-windows-x86_64, r-oldrel-macos-arm64, r-oldrel-macos-x86_64
Version: 1.1-0
Check: installed package size
Result: NOTE
installed size is 42.1Mb
sub-directories of 1Mb or more:
libs 41.5Mb
Flavors: r-devel-linux-x86_64-fedora-clang, r-release-macos-arm64, r-release-macos-x86_64, r-oldrel-macos-arm64, r-oldrel-macos-x86_64
Version: 1.1-0
Check: whether package can be installed
Result: ERROR
Installation failed.
Flavors: r-release-linux-x86_64, r-oldrel-windows-ix86+x86_64