CRAN Package Check Results for Package rbch

Last updated on 2024-02-24 21:40:30 CET.

Flavor Version Tinstall Tcheck Ttotal Status Flags
r-devel-linux-x86_64-debian-clang 0.1-1 6.27 42.48 48.75 NOTE
r-devel-linux-x86_64-debian-gcc 0.1-1 3.87 33.71 37.58 NOTE
r-devel-linux-x86_64-fedora-clang 0.1-1 60.56 OK
r-devel-linux-x86_64-fedora-gcc 0.1-1 61.37 OK
r-devel-windows-x86_64 0.1-1 7.00 67.00 74.00 OK
r-patched-linux-x86_64 0.1-1 8.52 43.15 51.67 OK
r-release-linux-x86_64 0.1-1 6.40 43.02 49.42 OK
r-release-macos-arm64 0.1-1 22.00 OK
r-release-macos-x86_64 0.1-1 34.00 OK
r-release-windows-x86_64 0.1-1 8.00 57.00 65.00 OK
r-oldrel-macos-arm64 0.1-1 22.00 OK
r-oldrel-windows-x86_64 0.1-1 10.00 62.00 72.00 OK

Check Details

Version: 0.1-1
Check: Rd files
Result: NOTE checkRd: (-1) ecoperators-methods.Rd:50: Lost braces in \itemize; meant \describe ? checkRd: (-1) ecoperators-methods.Rd:51: Lost braces in \itemize; meant \describe ? checkRd: (-1) ecoperators-methods.Rd:52: Lost braces in \itemize; meant \describe ? checkRd: (-1) ecoperators-methods.Rd:53: Lost braces in \itemize; meant \describe ? checkRd: (-1) ecoperators-methods.Rd:54: Lost braces in \itemize; meant \describe ? Flavors: r-devel-linux-x86_64-debian-clang, r-devel-linux-x86_64-debian-gcc