CRAN Package Check Results for Package rayshader

Last updated on 2022-01-22 06:49:03 CET.

Flavor Version Tinstall Tcheck Ttotal Status Flags
r-devel-linux-x86_64-debian-clang 0.24.10 111.36 146.18 257.54 OK
r-devel-linux-x86_64-debian-gcc 0.24.10 84.62 112.34 196.96 OK
r-devel-linux-x86_64-fedora-clang 0.24.10 359.19 NOTE
r-devel-linux-x86_64-fedora-gcc 0.24.10 316.86 OK
r-devel-windows-x86_64-new-UL 0.24.10 189.00 212.00 401.00 OK
r-devel-windows-x86_64-new-TK 0.24.10 OK
r-patched-linux-x86_64 0.24.10 94.08 128.99 223.07 OK
r-release-linux-x86_64 0.24.10 96.07 126.95 223.02 OK
r-release-macos-arm64 0.24.10 NOTE
r-release-macos-x86_64 0.24.10 NOTE
r-release-windows-ix86+x86_64 0.24.10 264.00 219.00 483.00 NOTE
r-oldrel-macos-x86_64 0.24.10 NOTE
r-oldrel-windows-ix86+x86_64 0.24.10 265.00 225.00 490.00 NOTE

Check Details

Version: 0.24.10
Check: installed package size
Result: NOTE
     installed size is 6.8Mb
     sub-directories of 1Mb or more:
     data 3.0Mb
     libs 3.3Mb
Flavors: r-devel-linux-x86_64-fedora-clang, r-release-macos-arm64, r-release-macos-x86_64, r-release-windows-ix86+x86_64, r-oldrel-macos-x86_64, r-oldrel-windows-ix86+x86_64