Last updated on 2022-08-13 21:52:57 CEST.
Flavor | Version | Tinstall | Tcheck | Ttotal | Status | Flags |
---|---|---|---|---|---|---|
r-devel-linux-x86_64-debian-clang | 0.23.6 | 402.03 | 86.72 | 488.75 | OK | |
r-devel-linux-x86_64-debian-gcc | 0.23.6 | 322.11 | 63.87 | 385.98 | OK | |
r-devel-linux-x86_64-fedora-clang | 0.23.6 | 723.83 | NOTE | |||
r-devel-linux-x86_64-fedora-gcc | 0.23.6 | 653.25 | OK | |||
r-devel-windows-x86_64 | 0.23.6 | 328.00 | 144.00 | 472.00 | OK | |
r-patched-linux-x86_64 | 0.23.6 | 352.39 | 81.27 | 433.66 | OK | |
r-release-linux-x86_64 | 0.23.6 | 339.63 | 80.38 | 420.01 | OK | |
r-release-macos-arm64 | 0.23.6 | 144.00 | NOTE | |||
r-release-macos-x86_64 | 0.23.6 | 187.00 | NOTE | |||
r-release-windows-x86_64 | 0.23.6 | 334.00 | 151.00 | 485.00 | OK | |
r-oldrel-macos-arm64 | 0.23.6 | 187.00 | NOTE | |||
r-oldrel-macos-x86_64 | 0.23.6 | 185.00 | NOTE | |||
r-oldrel-windows-ix86+x86_64 | 0.23.6 | 935.00 | 167.00 | 1102.00 | NOTE |
Version: 0.23.6
Check: installed package size
Result: NOTE
installed size is 13.3Mb
sub-directories of 1Mb or more:
libs 12.7Mb
Flavors: r-devel-linux-x86_64-fedora-clang, r-release-macos-arm64, r-release-macos-x86_64, r-oldrel-macos-arm64, r-oldrel-macos-x86_64, r-oldrel-windows-ix86+x86_64